Last updated on 2025-01-19 05:49:19 CET.
Flavor | Version | Tinstall | Tcheck | Ttotal | Status | Flags |
---|---|---|---|---|---|---|
r-devel-linux-x86_64-debian-clang | 0.16-2 | 148.78 | 61.70 | 210.48 | OK | |
r-devel-linux-x86_64-debian-gcc | 0.16-2 | 133.98 | 56.48 | 190.46 | OK | |
r-devel-linux-x86_64-fedora-clang | 0.16-2 | 339.84 | OK | |||
r-devel-linux-x86_64-fedora-gcc | 0.16-2 | 489.88 | OK | |||
r-devel-windows-x86_64 | 0.16-2 | 143.00 | 107.00 | 250.00 | OK | |
r-patched-linux-x86_64 | 0.16-2 | 182.01 | 70.62 | 252.63 | OK | |
r-release-linux-x86_64 | 0.16-2 | 186.13 | 69.86 | 255.99 | OK | |
r-release-macos-arm64 | 0.16-2 | 104.00 | NOTE | |||
r-release-macos-x86_64 | 0.16-2 | 213.00 | NOTE | |||
r-release-windows-x86_64 | 0.16-2 | 140.00 | 101.00 | 241.00 | OK | |
r-oldrel-macos-arm64 | 0.16-2 | 122.00 | NOTE | |||
r-oldrel-macos-x86_64 | 0.16-2 | 210.00 | NOTE | |||
r-oldrel-windows-x86_64 | 0.16-2 | 169.00 | 122.00 | 291.00 | OK |
Version: 0.16-2
Check: installed package size
Result: NOTE
installed size is 46.6Mb
sub-directories of 1Mb or more:
libs 46.0Mb
Flavors: r-release-macos-arm64, r-release-macos-x86_64, r-oldrel-macos-arm64, r-oldrel-macos-x86_64