CRAN Package Check Results for Package RSqlParser

Last updated on 2025-01-19 05:49:19 CET.

Flavor Version Tinstall Tcheck Ttotal Status Flags
r-devel-linux-x86_64-debian-clang 1.5 1.67 23.04 24.71 OK
r-devel-linux-x86_64-debian-gcc 1.5 1.48 19.33 20.81 OK
r-devel-linux-x86_64-fedora-clang 1.5 41.97 OK
r-devel-linux-x86_64-fedora-gcc 1.5 55.89 OK
r-devel-windows-x86_64 1.5 3.00 52.00 55.00 OK
r-patched-linux-x86_64 1.5 1.79 22.05 23.84 NOTE
r-release-linux-x86_64 1.5 1.46 22.14 23.60 NOTE
r-release-macos-arm64 1.5 23.00 NOTE
r-release-macos-x86_64 1.5 37.00 NOTE
r-release-windows-x86_64 1.5 3.00 50.00 53.00 NOTE
r-oldrel-macos-arm64 1.5 24.00 NOTE
r-oldrel-macos-x86_64 1.5 34.00 NOTE
r-oldrel-windows-x86_64 1.5 4.00 49.00 53.00 NOTE

Check Details

Version: 1.5
Check: LazyData
Result: NOTE 'LazyData' is specified without a 'data' directory Flavors: r-patched-linux-x86_64, r-release-linux-x86_64, r-release-macos-arm64, r-release-macos-x86_64, r-release-windows-x86_64, r-oldrel-macos-arm64, r-oldrel-macos-x86_64, r-oldrel-windows-x86_64