Last updated on 2025-01-19 05:49:19 CET.
Flavor | Version | Tinstall | Tcheck | Ttotal | Status | Flags |
---|---|---|---|---|---|---|
r-devel-linux-x86_64-debian-clang | 0.2.1 | 3.70 | 39.40 | 43.10 | OK | |
r-devel-linux-x86_64-debian-gcc | 0.2.1 | 2.64 | 28.06 | 30.70 | OK | |
r-devel-linux-x86_64-fedora-clang | 0.2.1 | 68.99 | NOTE | |||
r-devel-linux-x86_64-fedora-gcc | 0.2.1 | 69.04 | NOTE | |||
r-devel-windows-x86_64 | 0.2.1 | 7.00 | 70.00 | 77.00 | OK | |
r-patched-linux-x86_64 | 0.2.1 | 4.38 | 36.72 | 41.10 | OK | |
r-release-linux-x86_64 | 0.2.1 | 3.43 | 36.55 | 39.98 | OK | |
r-release-macos-arm64 | 0.2.1 | 23.00 | OK | |||
r-release-macos-x86_64 | 0.2.1 | 33.00 | OK | |||
r-release-windows-x86_64 | 0.2.1 | 5.00 | 71.00 | 76.00 | OK | |
r-oldrel-macos-arm64 | 0.2.1 | 26.00 | OK | |||
r-oldrel-macos-x86_64 | 0.2.1 | 37.00 | OK | |||
r-oldrel-windows-x86_64 | 0.2.1 | 7.00 | 79.00 | 86.00 | OK |
Version: 0.2.1
Check: dependencies in R code
Result: NOTE
Namespace in Imports field not imported from: ‘mc2d’
All declared Imports should be used.
Flavors: r-devel-linux-x86_64-fedora-clang, r-devel-linux-x86_64-fedora-gcc