Last updated on 2025-01-19 05:49:19 CET.
Flavor | Version | Tinstall | Tcheck | Ttotal | Status | Flags |
---|---|---|---|---|---|---|
r-devel-linux-x86_64-debian-clang | 2.1.0 | 19.59 | 181.48 | 201.07 | OK | |
r-devel-linux-x86_64-debian-gcc | 2.1.0 | 13.61 | 129.11 | 142.72 | OK | |
r-devel-linux-x86_64-fedora-clang | 2.1.0 | 342.58 | OK | |||
r-devel-linux-x86_64-fedora-gcc | 2.1.0 | 338.99 | OK | |||
r-devel-windows-x86_64 | 2.1.0 | 22.00 | 168.00 | 190.00 | OK | |
r-patched-linux-x86_64 | 2.1.0 | 18.61 | 164.98 | 183.59 | OK | |
r-release-linux-x86_64 | 2.1.0 | 20.09 | 166.82 | 186.91 | OK | |
r-release-macos-arm64 | 2.1.0 | 87.00 | OK | |||
r-release-macos-x86_64 | 2.1.0 | 147.00 | OK | |||
r-release-windows-x86_64 | 2.1.0 | 21.00 | 170.00 | 191.00 | OK | |
r-oldrel-macos-arm64 | 2.1.0 | 86.00 | NOTE | |||
r-oldrel-macos-x86_64 | 2.1.0 | 132.00 | NOTE | |||
r-oldrel-windows-x86_64 | 2.1.0 | 23.00 | 204.00 | 227.00 | OK |
Version: 2.1.0
Check: package dependencies
Result: NOTE
Package suggested but not available for checking: ‘Gviz’
Flavors: r-oldrel-macos-arm64, r-oldrel-macos-x86_64