CRAN Package Check Results for Package RVA

Last updated on 2025-01-19 05:49:19 CET.

Flavor Version Tinstall Tcheck Ttotal Status Flags
r-devel-linux-x86_64-debian-clang 0.0.5 44.16 404.12 448.28 OK
r-devel-linux-x86_64-debian-gcc 0.0.5 31.78 281.55 313.33 OK
r-devel-linux-x86_64-fedora-clang 0.0.5 757.99 NOTE
r-devel-linux-x86_64-fedora-gcc 0.0.5 726.60 NOTE
r-devel-windows-x86_64 0.0.5 45.00 408.00 453.00 OK
r-patched-linux-x86_64 0.0.5 39.83 368.60 408.43 OK
r-release-linux-x86_64 0.0.5 38.11 365.45 403.56 OK
r-release-macos-arm64 0.0.5 130.00 OK
r-release-macos-x86_64 0.0.5 274.00 OK
r-release-windows-x86_64 0.0.5 45.00 366.00 411.00 OK
r-oldrel-macos-arm64 0.0.5 10.00 ERROR
r-oldrel-macos-x86_64 0.0.5 11.00 ERROR
r-oldrel-windows-x86_64 0.0.5 59.00 434.00 493.00 OK

Check Details

Version: 0.0.5
Check: dependencies in R code
Result: NOTE Namespace in Imports field not imported from: ‘XML’ All declared Imports should be used. Flavors: r-devel-linux-x86_64-fedora-clang, r-devel-linux-x86_64-fedora-gcc

Version: 0.0.5
Check: package dependencies
Result: ERROR Package required but not available: ‘GSVAdata’ See section ‘The DESCRIPTION file’ in the ‘Writing R Extensions’ manual. Flavors: r-oldrel-macos-arm64, r-oldrel-macos-x86_64