CRAN Package Check Results for Package RWeka

Last updated on 2025-01-19 05:49:19 CET.

Flavor Version Tinstall Tcheck Ttotal Status Flags
r-devel-linux-x86_64-debian-clang 0.4-46 8.10 86.85 94.95 OK
r-devel-linux-x86_64-debian-gcc 0.4-46 6.38 64.95 71.33 OK
r-devel-linux-x86_64-fedora-clang 0.4-46 154.53 NOTE
r-devel-linux-x86_64-fedora-gcc 0.4-46 180.69 NOTE
r-devel-windows-x86_64 0.4-46 9.00 113.00 122.00 OK
r-patched-linux-x86_64 0.4-46 8.01 81.65 89.66 OK
r-release-linux-x86_64 0.4-46 8.04 81.44 89.48 OK
r-release-macos-arm64 0.4-46 49.00 OK
r-release-macos-x86_64 0.4-46 71.00 OK
r-release-windows-x86_64 0.4-46 9.00 117.00 126.00 OK
r-oldrel-macos-arm64 0.4-46 58.00 OK
r-oldrel-macos-x86_64 0.4-46 78.00 NOTE
r-oldrel-windows-x86_64 0.4-46 10.00 118.00 128.00 OK

Check Details

Version: 0.4-46
Check: tests
Result: NOTE Running ‘data_exchange.R’ Comparing ‘data_exchange.Rout’ to ‘data_exchange.Rout.save’ ...136c136 < 1 2012-12-12 12:12:12 2012-12-12 12:12:12 --- > 1 2012-12-12 12:12:12 2012-12-12 13:12:12 159c159 < 1 2012-12-12 12:12:12 2012-12-12 12:12:12 --- > 1 2012-12-12 12:12:12 2012-12-12 13:12:12 Flavors: r-devel-linux-x86_64-fedora-clang, r-devel-linux-x86_64-fedora-gcc

Version: 0.4-46
Check: package dependencies
Result: NOTE Package suggested but not available for checking: ‘partykit’ Flavor: r-oldrel-macos-x86_64

Version: 0.4-46
Check: Rd cross-references
Result: NOTE Package unavailable to check Rd xrefs: ‘partykit’ Flavor: r-oldrel-macos-x86_64