Last updated on 2024-05-01 16:53:06 CEST.
Flavor | Version | Tinstall | Tcheck | Ttotal | Status | Flags |
---|---|---|---|---|---|---|
r-devel-linux-x86_64-debian-clang | 0.2.0 | 15.64 | 142.39 | 158.03 | NOTE | |
r-devel-linux-x86_64-debian-gcc | 0.2.0 | 14.55 | 105.16 | 119.71 | NOTE | |
r-devel-linux-x86_64-fedora-clang | 0.2.0 | 192.69 | NOTE | |||
r-devel-linux-x86_64-fedora-gcc | 0.2.0 | 204.93 | NOTE | |||
r-devel-windows-x86_64 | 0.2.0 | 15.00 | 113.00 | 128.00 | NOTE | |
r-patched-linux-x86_64 | 0.2.0 | 10.85 | 136.32 | 147.17 | NOTE | |
r-release-linux-x86_64 | 0.2.0 | 13.13 | 135.10 | 148.23 | NOTE | |
r-release-macos-arm64 | 0.2.0 | 59.00 | NOTE | |||
r-release-windows-x86_64 | 0.2.0 | 16.00 | 115.00 | 131.00 | NOTE | |
r-oldrel-macos-arm64 | 0.2.0 | 64.00 | NOTE | |||
r-oldrel-macos-x86_64 | 0.2.0 | 105.00 | NOTE | |||
r-oldrel-windows-x86_64 | 0.2.0 | 21.00 | 141.00 | 162.00 | NOTE |
Version: 0.2.0
Check: LazyData
Result: NOTE
'LazyData' is specified without a 'data' directory
Flavors: r-devel-linux-x86_64-debian-clang, r-devel-linux-x86_64-debian-gcc, r-devel-linux-x86_64-fedora-clang, r-devel-linux-x86_64-fedora-gcc, r-devel-windows-x86_64, r-patched-linux-x86_64, r-release-linux-x86_64, r-release-macos-arm64, r-release-windows-x86_64, r-oldrel-macos-arm64, r-oldrel-macos-x86_64, r-oldrel-windows-x86_64