Last updated on 2024-04-25 18:49:38 CEST.
Flavor | Version | Tinstall | Tcheck | Ttotal | Status | Flags |
---|---|---|---|---|---|---|
r-devel-linux-x86_64-debian-clang | 0.98.0 | 80.25 | 72.42 | 152.67 | OK | |
r-devel-linux-x86_64-debian-gcc | 0.98.0 | 60.85 | 57.91 | 118.76 | OK | |
r-devel-linux-x86_64-fedora-clang | 0.98.0 | 207.76 | OK | |||
r-devel-linux-x86_64-fedora-gcc | 0.98.0 | 223.13 | OK | |||
r-devel-windows-x86_64 | 0.98.0 | 62.00 | 138.00 | 200.00 | OK | |
r-patched-linux-x86_64 | 0.98.0 | 74.00 | 71.00 | 145.00 | OK | |
r-release-linux-x86_64 | 0.98.0 | 72.20 | 70.86 | 143.06 | OK | |
r-release-macos-arm64 | 0.98.0 | 57.00 | NOTE | |||
r-release-windows-x86_64 | 0.98.0 | 57.00 | 142.00 | 199.00 | OK | |
r-oldrel-macos-arm64 | 0.98.0 | 77.00 | NOTE | |||
r-oldrel-macos-x86_64 | 0.98.0 | 173.00 | NOTE | |||
r-oldrel-windows-x86_64 | 0.98.0 | 70.00 | 146.00 | 216.00 | OK |
Version: 0.98.0
Check: installed package size
Result: NOTE
installed size is 5.2Mb
sub-directories of 1Mb or more:
libs 4.5Mb
Flavors: r-release-macos-arm64, r-oldrel-macos-arm64, r-oldrel-macos-x86_64