CRAN Package Check Results for Package Rblpapi

Last updated on 2025-01-19 05:49:18 CET.

Flavor Version Tinstall Tcheck Ttotal Status Flags
r-devel-linux-x86_64-debian-clang 0.3.15 87.30 29.59 116.89 OK
r-devel-linux-x86_64-debian-gcc 0.3.15 69.69 24.09 93.78 OK
r-devel-linux-x86_64-fedora-clang 0.3.15 227.32 OK
r-devel-linux-x86_64-fedora-gcc 0.3.15 275.35 OK
r-devel-windows-x86_64 0.3.15 97.00 193.00 290.00 OK
r-patched-linux-x86_64 0.3.15 99.84 28.14 127.98 OK
r-release-linux-x86_64 0.3.15 96.66 28.22 124.88 OK
r-release-macos-arm64 0.3.15 76.00 NOTE
r-release-macos-x86_64 0.3.15 39.00 ERROR
r-release-windows-x86_64 0.3.15 107.00 220.00 327.00 NOTE
r-oldrel-macos-arm64 0.3.15 71.00 NOTE
r-oldrel-macos-x86_64 0.3.15 43.00 ERROR
r-oldrel-windows-x86_64 0.3.15 122.00 232.00 354.00 NOTE

Check Details

Version: 0.3.15
Check: installed package size
Result: NOTE installed size is 27.2Mb sub-directories of 1Mb or more: blp 20.1Mb libs 5.9Mb Flavors: r-release-macos-arm64, r-release-windows-x86_64, r-oldrel-macos-arm64, r-oldrel-windows-x86_64

Version: 0.3.15
Check: whether package can be installed
Result: ERROR Installation failed. Flavors: r-release-macos-x86_64, r-oldrel-macos-x86_64