Last updated on 2025-01-19 05:49:18 CET.
Flavor | Version | Tinstall | Tcheck | Ttotal | Status | Flags |
---|---|---|---|---|---|---|
r-devel-linux-x86_64-debian-clang | 2.9-5 | 43.18 | 239.26 | 282.44 | OK | |
r-devel-linux-x86_64-debian-gcc | 2.9-5 | 31.91 | 166.54 | 198.45 | OK | |
r-devel-linux-x86_64-fedora-clang | 2.9-5 | 489.47 | OK | |||
r-devel-linux-x86_64-fedora-gcc | 2.9-5 | 480.44 | OK | |||
r-devel-windows-x86_64 | 2.9-5 | 39.00 | 223.00 | 262.00 | OK | |
r-patched-linux-x86_64 | 2.9-5 | 40.44 | 225.44 | 265.88 | OK | |
r-release-linux-x86_64 | 2.9-5 | 39.04 | 222.38 | 261.42 | OK | |
r-release-macos-arm64 | 2.9-5 | 116.00 | NOTE | |||
r-release-macos-x86_64 | 2.9-5 | 185.00 | NOTE | |||
r-release-windows-x86_64 | 2.9-5 | 37.00 | 217.00 | 254.00 | NOTE | |
r-oldrel-macos-arm64 | 2.9-5 | 116.00 | NOTE | |||
r-oldrel-macos-x86_64 | 2.9-5 | 229.00 | NOTE | |||
r-oldrel-windows-x86_64 | 2.9-5 | 43.00 | 254.00 | 297.00 | NOTE |
Version: 2.9-5
Check: installed package size
Result: NOTE
installed size is 9.6Mb
sub-directories of 1Mb or more:
R 2.0Mb
doc 4.5Mb
po 2.4Mb
Flavors: r-release-macos-arm64, r-release-macos-x86_64, r-release-windows-x86_64, r-oldrel-macos-arm64, r-oldrel-macos-x86_64, r-oldrel-windows-x86_64