Last updated on 2024-03-28 14:48:39 CET.
Flavor | Version | Tinstall | Tcheck | Ttotal | Status | Flags |
---|---|---|---|---|---|---|
r-devel-linux-x86_64-debian-clang | 2.9-2 | 57.29 | 315.89 | 373.18 | OK | |
r-devel-linux-x86_64-debian-gcc | 2.9-2 | 44.32 | 224.95 | 269.27 | OK | |
r-devel-linux-x86_64-fedora-clang | 2.9-2 | 467.83 | NOTE | |||
r-devel-linux-x86_64-fedora-gcc | 2.9-2 | 503.06 | OK | |||
r-devel-windows-x86_64 | 2.9-2 | 38.00 | 240.00 | 278.00 | NOTE | |
r-patched-linux-x86_64 | 2.9-2 | 51.94 | 308.23 | 360.17 | OK | |
r-release-linux-x86_64 | 2.9-2 | 43.53 | 273.12 | 316.65 | OK | |
r-release-macos-arm64 | 2.9-2 | 115.00 | NOTE | |||
r-release-macos-x86_64 | 2.9-2 | 192.00 | NOTE | |||
r-release-windows-x86_64 | 2.9-2 | 45.00 | 248.00 | 293.00 | NOTE | |
r-oldrel-macos-arm64 | 2.9-2 | 163.00 | NOTE | |||
r-oldrel-windows-x86_64 | 2.9-2 | 49.00 | 258.00 | 307.00 | NOTE |
Version: 2.9-2
Check: installed package size
Result: NOTE
installed size is 8.0Mb
sub-directories of 1Mb or more:
R 1.2Mb
doc 3.5Mb
po 2.5Mb
Flavors: r-devel-linux-x86_64-fedora-clang, r-devel-windows-x86_64, r-release-macos-arm64, r-release-macos-x86_64, r-release-windows-x86_64, r-oldrel-macos-arm64, r-oldrel-windows-x86_64