Last updated on 2024-04-17 13:57:40 CEST.
Flavor | Version | Tinstall | Tcheck | Ttotal | Status | Flags |
---|---|---|---|---|---|---|
r-devel-linux-x86_64-debian-clang | 2.9-1 | 11.34 | 79.52 | 90.86 | NOTE | |
r-devel-linux-x86_64-debian-gcc | 2.9-1 | 7.46 | 59.09 | 66.55 | NOTE | |
r-devel-linux-x86_64-fedora-clang | 2.9-1 | 116.69 | NOTE | |||
r-devel-linux-x86_64-fedora-gcc | 2.9-1 | 107.33 | NOTE | |||
r-prerel-macos-arm64 | 2.9-1 | 33.00 | NOTE | |||
r-prerel-windows-x86_64 | 2.9-1 | 12.00 | 82.00 | 94.00 | NOTE | |
r-patched-linux-x86_64 | 2.9-1 | 17.22 | 74.81 | 92.03 | NOTE | |
r-release-linux-x86_64 | 2.9-1 | 6.99 | 75.47 | 82.46 | OK | |
r-release-macos-arm64 | 2.9-1 | 34.00 | OK | |||
r-release-macos-x86_64 | 2.9-1 | 77.00 | OK | |||
r-release-windows-x86_64 | 2.9-1 | 14.00 | 95.00 | 109.00 | OK | |
r-oldrel-macos-arm64 | 2.9-1 | 37.00 | OK | |||
r-oldrel-windows-x86_64 | 2.9-1 | 14.00 | 103.00 | 117.00 | OK |
Version: 2.9-1
Check: Rd files
Result: NOTE
checkRd: (-1) indexplot.Rd:28: Lost braces
28 | \item{legend}{keyword (see \code{link}[grapics]{legend}) giving location of the legend if \code{groups} are specified;
| ^
Flavors: r-devel-linux-x86_64-debian-clang, r-devel-linux-x86_64-debian-gcc, r-devel-linux-x86_64-fedora-clang, r-devel-linux-x86_64-fedora-gcc, r-prerel-macos-arm64, r-prerel-windows-x86_64, r-patched-linux-x86_64