Last updated on 2025-01-19 05:49:18 CET.
Flavor | Version | Tinstall | Tcheck | Ttotal | Status | Flags |
---|---|---|---|---|---|---|
r-devel-linux-x86_64-debian-clang | 1.1.3.1 | 48.63 | 398.57 | 447.20 | NOTE | |
r-devel-linux-x86_64-debian-gcc | 1.1.3.1 | 37.01 | 292.39 | 329.40 | NOTE | |
r-devel-linux-x86_64-fedora-clang | 1.1.3.1 | 769.69 | OK | |||
r-devel-linux-x86_64-fedora-gcc | 1.1.3.1 | 736.46 | OK | |||
r-devel-windows-x86_64 | 1.1.3.1 | 59.00 | 552.00 | 611.00 | NOTE | |
r-patched-linux-x86_64 | 1.1.3.1 | 52.08 | 370.72 | 422.80 | NOTE | |
r-release-linux-x86_64 | 1.1.3.1 | 48.50 | 368.56 | 417.06 | NOTE | |
r-release-macos-arm64 | 1.1.3.1 | 241.00 | NOTE | |||
r-release-macos-x86_64 | 1.1.3.1 | 293.00 | WARN | |||
r-release-windows-x86_64 | 1.1.3.1 | 51.00 | 437.00 | 488.00 | NOTE | |
r-oldrel-macos-arm64 | 1.1.3.1 | 139.00 | NOTE | |||
r-oldrel-macos-x86_64 | 1.1.3.1 | 271.00 | NOTE | |||
r-oldrel-windows-x86_64 | 1.1.3.1 | 62.00 | 415.00 | 477.00 | NOTE |
Version: 1.1.3.1
Check: Rd cross-references
Result: NOTE
Found the following Rd file(s) with Rd \link{} targets missing package
anchors:
BiclustGUI.Rd: biclust, fabia, iBBiG, BicARE, superbiclust,
BcDiag-package
Please provide package anchors for all Rd \link{} targets not in the
package itself and the base packages.
Flavors: r-devel-linux-x86_64-debian-clang, r-devel-linux-x86_64-debian-gcc, r-devel-windows-x86_64
Version: 1.1.3.1
Check: package dependencies
Result: NOTE
Depends: includes the non-default packages:
'biclust', 'fabia', 'iBBiG', 'superbiclust', 'BcDiag', 'BicARE',
's4vd', 'BiBitR'
Adding so many packages to the search path is excessive and importing
selectively is preferable.
Flavors: r-patched-linux-x86_64, r-release-linux-x86_64, r-release-macos-arm64, r-release-macos-x86_64, r-release-windows-x86_64, r-oldrel-windows-x86_64
Version: 1.1.3.1
Check: re-building of vignette outputs
Result: WARN
Error(s) in re-building vignettes:
...
--- re-building ‘GuideBiclustGUI.Rnw’ using knitr
Error: processing vignette 'GuideBiclustGUI.Rnw' failed with diagnostics:
Running 'texi2dvi' on 'GuideBiclustGUI.tex' failed.
LaTeX errors:
! Undefined control sequence.
l.2365 \hldef
{newmethod_WINDOW} \hlkwb{<-} \hlkwa{function}\hldef{()\{}
?
! Emergency stop.
! Emergency stop.
l.2365
End of file on the terminal!
! ==> Fatal error occurred, no output PDF file produced!
--- failed re-building ‘GuideBiclustGUI.Rnw’
SUMMARY: processing the following file failed:
‘GuideBiclustGUI.Rnw’
Error: Vignette re-building failed.
Execution halted
Flavor: r-release-macos-x86_64
Version: 1.1.3.1
Check: package dependencies
Result: NOTE
Package suggested but not available for checking: ‘rqubic’
Depends: includes the non-default packages:
'biclust', 'fabia', 'iBBiG', 'superbiclust', 'BcDiag', 'BicARE',
's4vd', 'BiBitR'
Adding so many packages to the search path is excessive and importing
selectively is preferable.
Flavors: r-oldrel-macos-arm64, r-oldrel-macos-x86_64