Last updated on 2025-01-19 05:49:18 CET.
Flavor | Version | Tinstall | Tcheck | Ttotal | Status | Flags |
---|---|---|---|---|---|---|
r-devel-linux-x86_64-debian-clang | 0.2-3 | 17.83 | 128.60 | 146.43 | NOTE | |
r-devel-linux-x86_64-debian-gcc | 0.2-3 | 13.08 | 95.67 | 108.75 | NOTE | |
r-devel-linux-x86_64-fedora-clang | 0.2-3 | 256.79 | OK | |||
r-devel-linux-x86_64-fedora-gcc | 0.2-3 | 248.69 | OK | |||
r-devel-windows-x86_64 | 0.2-3 | 32.00 | 327.00 | 359.00 | NOTE | |
r-patched-linux-x86_64 | 0.2-3 | 22.71 | 121.64 | 144.35 | OK | |
r-release-linux-x86_64 | 0.2-3 | 17.23 | 120.82 | 138.05 | OK | |
r-release-macos-arm64 | 0.2-3 | 89.00 | OK | |||
r-release-macos-x86_64 | 0.2-3 | 116.00 | OK | |||
r-release-windows-x86_64 | 0.2-3 | 24.00 | 222.00 | 246.00 | OK | |
r-oldrel-macos-arm64 | 0.2-3 | 68.00 | OK | |||
r-oldrel-macos-x86_64 | 0.2-3 | 143.00 | OK | |||
r-oldrel-windows-x86_64 | 0.2-3 | 23.00 | 171.00 | 194.00 | OK |
Version: 0.2-3
Check: Rd cross-references
Result: NOTE
Found the following Rd file(s) with Rd \link{} targets missing package
anchors:
RcmdrPlugin.DCE-package.Rd: support.CEs, Rcmdr
Please provide package anchors for all Rd \link{} targets not in the
package itself and the base packages.
Flavors: r-devel-linux-x86_64-debian-clang, r-devel-linux-x86_64-debian-gcc, r-devel-windows-x86_64