Last updated on 2024-04-17 13:57:40 CEST.
Flavor | Version | Tinstall | Tcheck | Ttotal | Status | Flags |
---|---|---|---|---|---|---|
r-devel-linux-x86_64-debian-clang | 0.12-5 | 45.82 | 253.04 | 298.86 | OK | |
r-devel-linux-x86_64-debian-gcc | 0.12-5 | 35.10 | 181.27 | 216.37 | OK | |
r-devel-linux-x86_64-fedora-clang | 0.12-5 | 376.30 | NOTE | |||
r-devel-linux-x86_64-fedora-gcc | 0.12-5 | 362.88 | OK | |||
r-prerel-macos-arm64 | 0.12-5 | 109.00 | OK | |||
r-prerel-windows-x86_64 | 0.12-5 | 41.00 | 243.00 | 284.00 | OK | |
r-patched-linux-x86_64 | 0.12-5 | 53.70 | 237.18 | 290.88 | OK | |
r-release-linux-x86_64 | 0.12-5 | 27.66 | 221.55 | 249.21 | OK | |
r-release-macos-arm64 | 0.12-5 | 70.00 | OK | |||
r-release-macos-x86_64 | 0.12-5 | 133.00 | OK | |||
r-release-windows-x86_64 | 0.12-5 | 40.00 | 216.00 | 256.00 | OK | |
r-oldrel-macos-arm64 | 0.12-5 | 113.00 | OK | |||
r-oldrel-windows-x86_64 | 0.12-5 | 39.00 | 202.00 | 241.00 | OK |
Version: 0.12-5
Check: Rd cross-references
Result: NOTE
Undeclared packages ‘BsMD’, ‘rsm’, ‘AlgDesign’, ‘lhs’ in Rd xrefs
Flavor: r-devel-linux-x86_64-fedora-clang