CRAN Package Check Results for Package RcmdrPlugin.MA

Last updated on 2025-01-19 05:49:18 CET.

Flavor Version Tinstall Tcheck Ttotal Status Flags
r-devel-linux-x86_64-debian-clang 0.0-2 20.87 133.48 154.35 NOTE
r-devel-linux-x86_64-debian-gcc 0.0-2 16.24 94.47 110.71 NOTE
r-devel-linux-x86_64-fedora-clang 0.0-2 265.63 NOTE
r-devel-linux-x86_64-fedora-gcc 0.0-2 256.88 NOTE
r-devel-windows-x86_64 0.0-2 35.00 358.00 393.00 NOTE
r-patched-linux-x86_64 0.0-2 20.69 125.39 146.08 NOTE
r-release-linux-x86_64 0.0-2 20.27 123.79 144.06 NOTE
r-release-macos-arm64 0.0-2 87.00 NOTE
r-release-macos-x86_64 0.0-2 113.00 NOTE
r-release-windows-x86_64 0.0-2 30.00 235.00 265.00 NOTE
r-oldrel-macos-arm64 0.0-2 68.00 NOTE
r-oldrel-macos-x86_64 0.0-2 117.00 NOTE
r-oldrel-windows-x86_64 0.0-2 28.00 189.00 217.00 NOTE

Check Details

Version: 0.0-2
Check: Rd files
Result: NOTE checkRd: (-1) RcmdrPlugin.MA-package.Rd:21: Escaped LaTeX specials: \& checkRd: (-1) RcmdrPlugin.MA-package.Rd:23: Escaped LaTeX specials: \& Flavors: r-devel-linux-x86_64-debian-clang, r-devel-linux-x86_64-debian-gcc, r-devel-linux-x86_64-fedora-clang, r-devel-linux-x86_64-fedora-gcc, r-devel-windows-x86_64, r-patched-linux-x86_64, r-release-linux-x86_64, r-release-macos-arm64, r-release-macos-x86_64, r-release-windows-x86_64, r-oldrel-macos-arm64, r-oldrel-macos-x86_64, r-oldrel-windows-x86_64