Last updated on 2024-04-17 13:57:40 CEST.
Flavor | Version | Tinstall | Tcheck | Ttotal | Status | Flags |
---|---|---|---|---|---|---|
r-devel-linux-x86_64-debian-clang | 0.0-2 | 27.52 | 178.98 | 206.50 | NOTE | |
r-devel-linux-x86_64-debian-gcc | 0.0-2 | 20.68 | 127.54 | 148.22 | NOTE | |
r-devel-linux-x86_64-fedora-clang | 0.0-2 | 262.61 | NOTE | |||
r-devel-linux-x86_64-fedora-gcc | 0.0-2 | 253.39 | NOTE | |||
r-prerel-macos-arm64 | 0.0-2 | 87.00 | NOTE | |||
r-prerel-windows-x86_64 | 0.0-2 | 27.00 | 220.00 | 247.00 | NOTE | |
r-patched-linux-x86_64 | 0.0-2 | 25.79 | 171.11 | 196.90 | NOTE | |
r-release-linux-x86_64 | 0.0-2 | 20.34 | 156.08 | 176.42 | NOTE | |
r-release-macos-arm64 | 0.0-2 | 68.00 | NOTE | |||
r-release-macos-x86_64 | 0.0-2 | 117.00 | NOTE | |||
r-release-windows-x86_64 | 0.0-2 | 25.00 | 148.00 | 173.00 | NOTE | |
r-oldrel-macos-arm64 | 0.0-2 | 84.00 | OK | |||
r-oldrel-windows-x86_64 | 0.0-2 | 27.00 | 144.00 | 171.00 | OK |
Version: 0.0-2
Check: Rd files
Result: NOTE
checkRd: (-1) RcmdrPlugin.MA-package.Rd:21: Escaped LaTeX specials: \&
checkRd: (-1) RcmdrPlugin.MA-package.Rd:23: Escaped LaTeX specials: \&
Flavors: r-devel-linux-x86_64-debian-clang, r-devel-linux-x86_64-debian-gcc, r-devel-linux-x86_64-fedora-clang, r-devel-linux-x86_64-fedora-gcc, r-prerel-macos-arm64, r-prerel-windows-x86_64, r-patched-linux-x86_64, r-release-linux-x86_64, r-release-macos-arm64, r-release-macos-x86_64, r-release-windows-x86_64