Last updated on 2025-10-13 14:49:57 CEST.
| Flavor | Version | Tinstall | Tcheck | Ttotal | Status | Flags | 
|---|---|---|---|---|---|---|
| r-devel-linux-x86_64-debian-clang | 1.1.4 | 18.85 | 143.32 | 162.17 | NOTE | |
| r-devel-linux-x86_64-debian-gcc | 1.1.4 | 13.94 | 107.91 | 121.85 | NOTE | |
| r-devel-linux-x86_64-fedora-clang | 1.1.4 | 264.53 | OK | |||
| r-devel-linux-x86_64-fedora-gcc | 1.1.4 | 257.99 | OK | |||
| r-devel-windows-x86_64 | 1.1.4 | 28.00 | 223.00 | 251.00 | OK | |
| r-patched-linux-x86_64 | 1.1.4 | 20.98 | 143.75 | 164.73 | OK | |
| r-release-linux-x86_64 | 1.1.4 | 20.11 | 142.15 | 162.26 | OK | |
| r-release-macos-arm64 | 1.1.4 | 93.00 | OK | |||
| r-release-macos-x86_64 | 1.1.4 | 147.00 | OK | |||
| r-release-windows-x86_64 | 1.1.4 | 34.00 | 226.00 | 260.00 | OK | |
| r-oldrel-macos-arm64 | 1.1.4 | 92.00 | NOTE | |||
| r-oldrel-macos-x86_64 | 1.1.4 | 117.00 | NOTE | |||
| r-oldrel-windows-x86_64 | 1.1.4 | 26.00 | 180.00 | 206.00 | NOTE | 
Version: 1.1.4
Check: CRAN incoming feasibility
Result: NOTE
  Maintainer: ‘Achmad Fauzi Bagus F <fauzi.pandya@gmail.com>’
  
  No Authors@R field in DESCRIPTION.
  Please add one, modifying
    Authors@R: c(person(given = c("Monalisa", "Sipahutar,Setia"),
                        family = "Pramana",
                        role = "aut",
                        email = "11.6790@stis.ac.id"),
                 person(given = "Achmad",
                        family = "Fauzi",
                        role = c("aut", "cre"),
                        email = "fauzi.pandya@gmail.com"))
  as necessary.
Flavors: r-devel-linux-x86_64-debian-clang, r-devel-linux-x86_64-debian-gcc
Version: 1.1.4
Check: LazyData
Result: NOTE
    'LazyData' is specified without a 'data' directory
Flavors: r-oldrel-macos-arm64, r-oldrel-macos-x86_64, r-oldrel-windows-x86_64