Last updated on 2024-04-21 12:54:09 CEST.
Flavor | Version | Tinstall | Tcheck | Ttotal | Status | Flags |
---|---|---|---|---|---|---|
r-devel-linux-x86_64-debian-clang | 1.1.4 | 26.44 | 173.33 | 199.77 | NOTE | |
r-devel-linux-x86_64-debian-gcc | 1.1.4 | 19.78 | 128.04 | 147.82 | NOTE | |
r-devel-linux-x86_64-fedora-clang | 1.1.4 | 260.40 | NOTE | |||
r-devel-linux-x86_64-fedora-gcc | 1.1.4 | 251.03 | NOTE | |||
r-prerel-macos-arm64 | 1.1.4 | 92.00 | NOTE | |||
r-prerel-windows-x86_64 | 1.1.4 | 24.00 | 233.00 | 257.00 | NOTE | |
r-patched-linux-x86_64 | 1.1.4 | 22.38 | 167.03 | 189.41 | NOTE | |
r-release-linux-x86_64 | 1.1.4 | 17.73 | 145.01 | 162.74 | NOTE | |
r-release-macos-arm64 | 1.1.4 | 69.00 | NOTE | |||
r-release-macos-x86_64 | 1.1.4 | 113.00 | NOTE | |||
r-release-windows-x86_64 | 1.1.4 | 22.00 | 150.00 | 172.00 | NOTE | |
r-oldrel-macos-arm64 | 1.1.4 | 100.00 | NOTE | |||
r-oldrel-windows-x86_64 | 1.1.4 | 26.00 | 171.00 | 197.00 | NOTE |
Version: 1.1.4
Check: LazyData
Result: NOTE
'LazyData' is specified without a 'data' directory
Flavors: r-devel-linux-x86_64-debian-clang, r-devel-linux-x86_64-debian-gcc, r-devel-linux-x86_64-fedora-clang, r-devel-linux-x86_64-fedora-gcc, r-prerel-macos-arm64, r-prerel-windows-x86_64, r-patched-linux-x86_64, r-release-linux-x86_64, r-release-macos-arm64, r-release-macos-x86_64, r-release-windows-x86_64, r-oldrel-macos-arm64, r-oldrel-windows-x86_64