CRAN Package Check Results for Package RcmdrPlugin.PcaRobust

Last updated on 2021-04-12 12:53:48 CEST.

Flavor Version Tinstall Tcheck Ttotal Status Flags
r-devel-linux-x86_64-debian-clang 1.1.4 17.41 132.26 149.67 NOTE
r-devel-linux-x86_64-debian-gcc 1.1.4 14.42 102.74 117.16 NOTE
r-devel-linux-x86_64-fedora-clang 1.1.4 194.56 NOTE
r-devel-linux-x86_64-fedora-gcc 1.1.4 180.54 NOTE
r-devel-windows-ix86+x86_64 1.1.4 49.00 149.00 198.00 NOTE
r-devel-windows-x86_64-gcc10-UCRT 1.1.4 NOTE
r-patched-linux-x86_64 1.1.4 16.96 125.49 142.45 OK
r-patched-solaris-x86 1.1.4 313.10 OK
r-release-linux-x86_64 1.1.4 17.16 123.96 141.12 OK
r-release-macos-x86_64 1.1.4 OK
r-release-windows-ix86+x86_64 1.1.4 41.00 161.00 202.00 OK
r-oldrel-macos-x86_64 1.1.4 FAIL
r-oldrel-windows-ix86+x86_64 1.1.4 25.00 107.00 132.00 OK

Check Details

Version: 1.1.4
Check: LazyData
Result: NOTE
     'LazyData' is specified without a 'data' directory
Flavors: r-devel-linux-x86_64-debian-clang, r-devel-linux-x86_64-debian-gcc, r-devel-linux-x86_64-fedora-clang, r-devel-linux-x86_64-fedora-gcc, r-devel-windows-ix86+x86_64, r-devel-windows-x86_64-gcc10-UCRT

Version: 1.1.4
Check: whether package can be installed
Result: FAIL
Flavor: r-oldrel-macos-x86_64