Last updated on 2025-01-19 05:49:18 CET.
Flavor | Version | Tinstall | Tcheck | Ttotal | Status | Flags |
---|---|---|---|---|---|---|
r-devel-linux-x86_64-debian-clang | 1.1.4 | 20.45 | 133.49 | 153.94 | OK | |
r-devel-linux-x86_64-debian-gcc | 1.1.4 | 16.21 | 98.80 | 115.01 | OK | |
r-devel-linux-x86_64-fedora-clang | 1.1.4 | 261.82 | OK | |||
r-devel-linux-x86_64-fedora-gcc | 1.1.4 | 254.66 | OK | |||
r-devel-windows-x86_64 | 1.1.4 | 34.00 | 366.00 | 400.00 | OK | |
r-patched-linux-x86_64 | 1.1.4 | 18.43 | 124.75 | 143.18 | NOTE | |
r-release-linux-x86_64 | 1.1.4 | 19.60 | 124.52 | 144.12 | NOTE | |
r-release-macos-arm64 | 1.1.4 | 92.00 | NOTE | |||
r-release-macos-x86_64 | 1.1.4 | 117.00 | NOTE | |||
r-release-windows-x86_64 | 1.1.4 | 28.00 | 246.00 | 274.00 | NOTE | |
r-oldrel-macos-arm64 | 1.1.4 | 69.00 | NOTE | |||
r-oldrel-macos-x86_64 | 1.1.4 | 113.00 | NOTE | |||
r-oldrel-windows-x86_64 | 1.1.4 | 24.00 | 184.00 | 208.00 | NOTE |
Version: 1.1.4
Check: LazyData
Result: NOTE
'LazyData' is specified without a 'data' directory
Flavors: r-patched-linux-x86_64, r-release-linux-x86_64, r-release-macos-arm64, r-release-macos-x86_64, r-release-windows-x86_64, r-oldrel-macos-arm64, r-oldrel-macos-x86_64, r-oldrel-windows-x86_64