Last updated on 2024-04-17 13:57:40 CEST.
Flavor | Version | Tinstall | Tcheck | Ttotal | Status | Flags |
---|---|---|---|---|---|---|
r-devel-linux-x86_64-debian-clang | 5.1-1 | 24.09 | 200.57 | 224.66 | NOTE | |
r-devel-linux-x86_64-debian-gcc | 5.1-1 | 17.70 | 146.21 | 163.91 | NOTE | |
r-devel-linux-x86_64-fedora-clang | 5.1-1 | 293.99 | NOTE | |||
r-devel-linux-x86_64-fedora-gcc | 5.1-1 | 296.46 | NOTE | |||
r-prerel-macos-arm64 | 5.1-1 | 104.00 | NOTE | |||
r-prerel-windows-x86_64 | 5.1-1 | 22.00 | 233.00 | 255.00 | NOTE | |
r-patched-linux-x86_64 | 5.1-1 | 23.29 | 193.77 | 217.06 | NOTE | |
r-release-linux-x86_64 | 5.1-1 | 19.49 | 169.90 | 189.39 | NOTE | |
r-release-macos-arm64 | 5.1-1 | 88.00 | NOTE | |||
r-release-macos-x86_64 | 5.1-1 | 138.00 | NOTE | |||
r-release-windows-x86_64 | 5.1-1 | 24.00 | 197.00 | 221.00 | NOTE | |
r-oldrel-macos-arm64 | 5.1-1 | 81.00 | NOTE | |||
r-oldrel-windows-x86_64 | 5.1-1 | 25.00 | 181.00 | 206.00 | NOTE |
Version: 5.1-1
Check: package dependencies
Result: NOTE
Depends: includes the non-default packages:
'IQCC', 'qcc', 'qicharts2', 'randtests', 'rmarkdown',
'TeachingDemos', 'tseries'
Adding so many packages to the search path is excessive and importing
selectively is preferable.
Flavors: r-devel-linux-x86_64-debian-clang, r-devel-linux-x86_64-debian-gcc, r-devel-linux-x86_64-fedora-clang, r-devel-linux-x86_64-fedora-gcc, r-prerel-macos-arm64, r-prerel-windows-x86_64, r-patched-linux-x86_64, r-release-linux-x86_64, r-release-macos-arm64, r-release-macos-x86_64, r-release-windows-x86_64, r-oldrel-macos-arm64, r-oldrel-windows-x86_64