Last updated on 2025-01-19 05:49:18 CET.
Flavor | Version | Tinstall | Tcheck | Ttotal | Status | Flags |
---|---|---|---|---|---|---|
r-devel-linux-x86_64-debian-clang | 1.0.14 | 34.84 | 69.50 | 104.34 | OK | |
r-devel-linux-x86_64-debian-gcc | 1.0.14 | 26.80 | 55.16 | 81.96 | OK | |
r-devel-linux-x86_64-fedora-clang | 1.0.14 | 188.67 | NOTE | |||
r-devel-linux-x86_64-fedora-gcc | 1.0.14 | 205.54 | NOTE | |||
r-devel-windows-x86_64 | 1.0.14 | 64.00 | 215.00 | 279.00 | OK | |
r-patched-linux-x86_64 | 1.0.14 | 30.88 | 67.25 | 98.13 | OK | |
r-release-linux-x86_64 | 1.0.14 | 29.87 | 66.43 | 96.30 | OK | |
r-release-macos-arm64 | 1.0.14 | 76.00 | NOTE | |||
r-release-macos-x86_64 | 1.0.14 | 133.00 | NOTE | |||
r-release-windows-x86_64 | 1.0.14 | 46.00 | 210.00 | 256.00 | NOTE | |
r-oldrel-macos-arm64 | 1.0.14 | 85.00 | NOTE | |||
r-oldrel-macos-x86_64 | 1.0.14 | 121.00 | NOTE | |||
r-oldrel-windows-x86_64 | 1.0.14 | 46.00 | 192.00 | 238.00 | NOTE |
Version: 1.0.14
Check: foreign function calls
Result: NOTE
Registration problem:
symbol ‘symbol’ in the local frame:
.Call(symbol)
See chapter ‘System and foreign language interfaces’ in the ‘Writing R
Extensions’ manual.
Flavors: r-devel-linux-x86_64-fedora-clang, r-devel-linux-x86_64-fedora-gcc
Version: 1.0.14
Check: installed package size
Result: NOTE
installed size is 12.4Mb
sub-directories of 1Mb or more:
doc 1.1Mb
include 4.1Mb
libs 5.2Mb
Flavors: r-release-macos-arm64, r-release-macos-x86_64, r-release-windows-x86_64, r-oldrel-macos-arm64, r-oldrel-macos-x86_64, r-oldrel-windows-x86_64