CRAN Package Check Results for Package RcppAnnoy

Last updated on 2025-01-19 05:49:18 CET.

Flavor Version Tinstall Tcheck Ttotal Status Flags
r-devel-linux-x86_64-debian-clang 0.0.22 28.56 68.72 97.28 OK
r-devel-linux-x86_64-debian-gcc 0.0.22 25.95 46.73 72.68 OK
r-devel-linux-x86_64-fedora-clang 0.0.22 176.39 OK
r-devel-linux-x86_64-fedora-gcc 0.0.22 209.56 OK
r-devel-windows-x86_64 0.0.22 50.00 128.00 178.00 OK
r-patched-linux-x86_64 0.0.22 33.05 66.38 99.43 OK
r-release-linux-x86_64 0.0.22 32.14 65.57 97.71 OK
r-release-macos-arm64 0.0.22 54.00 NOTE
r-release-macos-x86_64 0.0.22 85.00 NOTE
r-release-windows-x86_64 0.0.22 43.00 120.00 163.00 OK
r-oldrel-macos-arm64 0.0.22 69.00 NOTE
r-oldrel-macos-x86_64 0.0.22 189.00 NOTE
r-oldrel-windows-x86_64 0.0.22 49.00 144.00 193.00 OK

Check Details

Version: 0.0.22
Check: installed package size
Result: NOTE installed size is 6.5Mb sub-directories of 1Mb or more: libs 6.2Mb Flavors: r-release-macos-arm64, r-release-macos-x86_64, r-oldrel-macos-arm64, r-oldrel-macos-x86_64