Last updated on 2025-01-19 05:49:18 CET.
Flavor | Version | Tinstall | Tcheck | Ttotal | Status | Flags |
---|---|---|---|---|---|---|
r-devel-linux-x86_64-debian-clang | 1.0.1 | 73.58 | 139.32 | 212.90 | OK | |
r-devel-linux-x86_64-debian-gcc | 1.0.1 | 52.65 | 95.75 | 148.40 | OK | |
r-devel-linux-x86_64-fedora-clang | 1.0.1 | 362.93 | OK | |||
r-devel-linux-x86_64-fedora-gcc | 1.0.1 | 401.48 | OK | |||
r-devel-windows-x86_64 | 1.0.1 | 146.00 | 281.00 | 427.00 | OK | |
r-patched-linux-x86_64 | 1.0.1 | 75.75 | 131.64 | 207.39 | OK | |
r-release-linux-x86_64 | 1.0.1 | 69.87 | 128.56 | 198.43 | OK | |
r-release-macos-arm64 | 1.0.1 | 79.00 | NOTE | |||
r-release-macos-x86_64 | 1.0.1 | 123.00 | NOTE | |||
r-release-windows-x86_64 | 1.0.1 | 123.00 | 176.00 | 299.00 | NOTE | |
r-oldrel-macos-arm64 | 1.0.1 | 78.00 | NOTE | |||
r-oldrel-macos-x86_64 | 1.0.1 | 214.00 | NOTE | |||
r-oldrel-windows-x86_64 | 1.0.1 | 146.00 | 210.00 | 356.00 | NOTE |
Version: 1.0.1
Check: installed package size
Result: NOTE
installed size is 39.7Mb
sub-directories of 1Mb or more:
include 37.8Mb
libs 1.8Mb
Flavors: r-release-macos-arm64, r-release-macos-x86_64, r-release-windows-x86_64, r-oldrel-macos-arm64, r-oldrel-macos-x86_64, r-oldrel-windows-x86_64