CRAN Package Check Results for Package RcppClock

Last updated on 2025-01-19 05:49:18 CET.

Flavor Version Tinstall Tcheck Ttotal Status Flags
r-devel-linux-x86_64-debian-clang 1.1 12.72 42.66 55.38 NOTE
r-devel-linux-x86_64-debian-gcc 1.1 9.90 33.98 43.88 NOTE
r-devel-linux-x86_64-fedora-clang 1.1 95.07 NOTE
r-devel-linux-x86_64-fedora-gcc 1.1 100.58 NOTE
r-devel-windows-x86_64 1.1 17.00 86.00 103.00 NOTE
r-patched-linux-x86_64 1.1 13.60 42.43 56.03 NOTE
r-release-linux-x86_64 1.1 12.80 42.31 55.11 NOTE
r-release-macos-arm64 1.1 29.00 NOTE
r-release-macos-x86_64 1.1 50.00 NOTE
r-release-windows-x86_64 1.1 18.00 90.00 108.00 NOTE
r-oldrel-macos-arm64 1.1 30.00 NOTE
r-oldrel-macos-x86_64 1.1 46.00 NOTE
r-oldrel-windows-x86_64 1.1 19.00 104.00 123.00 NOTE

Check Details

Version: 1.1
Check: C++ specification
Result: NOTE Specified C++11: please drop specification unless essential Flavors: r-devel-linux-x86_64-debian-clang, r-devel-linux-x86_64-debian-gcc, r-devel-linux-x86_64-fedora-clang, r-devel-linux-x86_64-fedora-gcc, r-devel-windows-x86_64, r-patched-linux-x86_64, r-release-linux-x86_64, r-release-macos-arm64, r-release-macos-x86_64, r-release-windows-x86_64, r-oldrel-macos-arm64, r-oldrel-macos-x86_64, r-oldrel-windows-x86_64