CRAN Package Check Results for Package RcppDist

Last updated on 2025-01-19 05:49:18 CET.

Flavor Version Tinstall Tcheck Ttotal Status Flags
r-devel-linux-x86_64-debian-clang 0.1.1 39.13 32.14 71.27 NOTE
r-devel-linux-x86_64-debian-gcc 0.1.1 26.86 25.04 51.90 NOTE
r-devel-linux-x86_64-fedora-clang 0.1.1 125.60 NOTE
r-devel-linux-x86_64-fedora-gcc 0.1.1 149.40 NOTE
r-devel-windows-x86_64 0.1.1 38.00 76.00 114.00 NOTE
r-patched-linux-x86_64 0.1.1 37.54 30.59 68.13 NOTE
r-release-linux-x86_64 0.1.1 37.53 30.25 67.78 NOTE
r-release-macos-arm64 0.1.1 46.00 NOTE
r-release-macos-x86_64 0.1.1 56.00 NOTE
r-release-windows-x86_64 0.1.1 37.00 84.00 121.00 NOTE
r-oldrel-macos-arm64 0.1.1 48.00 NOTE
r-oldrel-macos-x86_64 0.1.1 75.00 NOTE
r-oldrel-windows-x86_64 0.1.1 42.00 90.00 132.00 NOTE

Check Details

Version: 0.1.1
Check: C++ specification
Result: NOTE Specified C++11: please drop specification unless essential Flavors: r-devel-linux-x86_64-debian-clang, r-devel-linux-x86_64-debian-gcc, r-devel-linux-x86_64-fedora-clang, r-devel-linux-x86_64-fedora-gcc, r-devel-windows-x86_64, r-patched-linux-x86_64, r-release-linux-x86_64, r-release-macos-arm64, r-release-macos-x86_64, r-release-windows-x86_64, r-oldrel-macos-arm64, r-oldrel-macos-x86_64, r-oldrel-windows-x86_64

Version: 0.1.1
Check: top-level files
Result: NOTE possible bashism in configure.ac line 37 (should be 'b = a'): if test x"${RSysinfoName}" == x"Darwin"; then possible bashism in configure.ac line 48 (should be 'b = a'): if test x"${hasOpenMP}" == x""; then Flavors: r-devel-linux-x86_64-debian-clang, r-devel-linux-x86_64-debian-gcc, r-devel-linux-x86_64-fedora-clang, r-devel-linux-x86_64-fedora-gcc

Version: 0.1.1
Check: LazyData
Result: NOTE 'LazyData' is specified without a 'data' directory Flavors: r-patched-linux-x86_64, r-release-linux-x86_64, r-release-macos-arm64, r-release-macos-x86_64, r-release-windows-x86_64, r-oldrel-macos-arm64, r-oldrel-macos-x86_64, r-oldrel-windows-x86_64