CRAN Package Check Results for Package RcppEigen

Last updated on 2025-01-19 05:49:18 CET.

Flavor Version Tinstall Tcheck Ttotal Status Flags
r-devel-linux-x86_64-debian-clang 0.3.4.0.2 56.37 37.95 94.32 OK
r-devel-linux-x86_64-debian-gcc 0.3.4.0.2 44.22 34.29 78.51 OK
r-devel-linux-x86_64-fedora-clang 0.3.4.0.2 152.56 OK
r-devel-linux-x86_64-fedora-gcc 0.3.4.0.2 206.47 OK
r-devel-windows-x86_64 0.3.4.0.2 80.00 189.00 269.00 OK
r-patched-linux-x86_64 0.3.4.0.2 62.45 41.90 104.35 OK
r-release-linux-x86_64 0.3.4.0.2 59.53 41.65 101.18 OK
r-release-macos-arm64 0.3.4.0.2 122.00 NOTE
r-release-macos-x86_64 0.3.4.0.2 399.00 NOTE
r-release-windows-x86_64 0.3.4.0.2 81.00 188.00 269.00 NOTE
r-oldrel-macos-arm64 0.3.4.0.2 120.00 NOTE
r-oldrel-macos-x86_64 0.3.4.0.2 325.00 NOTE
r-oldrel-windows-x86_64 0.3.4.0.2 71.00 216.00 287.00 NOTE

Check Details

Version: 0.3.4.0.2
Check: installed package size
Result: NOTE installed size is 34.0Mb sub-directories of 1Mb or more: include 9.5Mb libs 24.1Mb Flavors: r-release-macos-arm64, r-release-macos-x86_64, r-release-windows-x86_64, r-oldrel-macos-arm64, r-oldrel-macos-x86_64, r-oldrel-windows-x86_64