CRAN Package Check Results for Package RcppFastAD

Last updated on 2025-01-19 05:49:18 CET.

Flavor Version Tinstall Tcheck Ttotal Status Flags
r-devel-linux-x86_64-debian-clang 0.0.4 35.84 22.52 58.36 OK
r-devel-linux-x86_64-debian-gcc 0.0.4 30.41 19.44 49.85 OK
r-devel-linux-x86_64-fedora-clang 0.0.4 108.96 OK
r-devel-linux-x86_64-fedora-gcc 0.0.4 124.43 OK
r-devel-windows-x86_64 0.0.4 41.00 72.00 113.00 OK
r-patched-linux-x86_64 0.0.4 39.72 23.81 63.53 OK
r-release-linux-x86_64 0.0.4 38.70 23.63 62.33 OK
r-release-macos-arm64 0.0.4 31.00 NOTE
r-release-macos-x86_64 0.0.4 48.00 NOTE
r-release-windows-x86_64 0.0.4 43.00 71.00 114.00 OK
r-oldrel-macos-arm64 0.0.4 31.00 NOTE
r-oldrel-macos-x86_64 0.0.4 48.00 NOTE
r-oldrel-windows-x86_64 0.0.4 47.00 77.00 124.00 OK

Check Details

Version: 0.0.4
Check: installed package size
Result: NOTE installed size is 8.5Mb sub-directories of 1Mb or more: libs 8.1Mb Flavors: r-release-macos-arm64, r-release-macos-x86_64, r-oldrel-macos-arm64, r-oldrel-macos-x86_64