CRAN Package Check Results for Package RcppGetconf

Last updated on 2020-06-02 12:48:53 CEST.

Flavor Version Tinstall Tcheck Ttotal Status Flags
r-devel-linux-x86_64-debian-clang 0.0.3 16.63 22.95 39.58 OK
r-devel-linux-x86_64-debian-gcc 0.0.3 14.45 18.20 32.65 OK
r-devel-linux-x86_64-fedora-clang 0.0.3 63.79 NOTE
r-devel-linux-x86_64-fedora-gcc 0.0.3 51.53 NOTE
r-patched-linux-x86_64 0.0.3 14.52 23.10 37.62 OK
r-patched-solaris-x86 0.0.3 68.60 OK
r-release-linux-x86_64 0.0.3 14.15 22.57 36.72 OK
r-release-osx-x86_64 0.0.3 OK
r-oldrel-osx-x86_64 0.0.3 OK

Check Details

Version: 0.0.3
Check: top-level files
Result: NOTE
    ‘configure’: /bin/bash is not portable
Flavors: r-devel-linux-x86_64-fedora-clang, r-devel-linux-x86_64-fedora-gcc