CRAN Package Check Results for Package RcppGetconf

Last updated on 2019-10-21 12:46:31 CEST.

Flavor Version Tinstall Tcheck Ttotal Status Flags
r-devel-linux-x86_64-debian-clang 0.0.3 17.00 20.63 37.63 OK
r-devel-linux-x86_64-debian-gcc 0.0.3 12.75 17.02 29.77 OK
r-devel-linux-x86_64-fedora-clang 0.0.3 51.15 NOTE
r-devel-linux-x86_64-fedora-gcc 0.0.3 49.56 NOTE
r-patched-linux-x86_64 0.0.3 15.40 20.23 35.63 OK
r-patched-solaris-x86 0.0.3 63.80 OK
r-release-linux-x86_64 0.0.3 16.69 20.25 36.94 OK
r-release-osx-x86_64 0.0.3 OK
r-oldrel-osx-x86_64 0.0.3 OK

Check Details

Version: 0.0.3
Check: top-level files
Result: NOTE
    ‘configure’: /bin/bash is not portable
Flavors: r-devel-linux-x86_64-fedora-clang, r-devel-linux-x86_64-fedora-gcc