Last updated on 2024-04-21 12:54:09 CEST.
Flavor | Version | Tinstall | Tcheck | Ttotal | Status | Flags |
---|---|---|---|---|---|---|
r-devel-linux-x86_64-debian-clang | 1.2.2 | 115.26 | 31.43 | 146.69 | NOTE | |
r-devel-linux-x86_64-debian-gcc | 1.2.2 | 81.03 | 24.36 | 105.39 | NOTE | |
r-devel-linux-x86_64-fedora-clang | 1.2.2 | 194.32 | NOTE | |||
r-devel-linux-x86_64-fedora-gcc | 1.2.2 | 196.47 | NOTE | |||
r-prerel-macos-arm64 | 1.2.2 | 40.00 | NOTE | |||
r-prerel-windows-x86_64 | 1.2.2 | 79.00 | 75.00 | 154.00 | NOTE | |
r-patched-linux-x86_64 | 1.2.2 | 103.84 | 30.95 | 134.79 | NOTE | |
r-release-linux-x86_64 | 1.2.2 | 101.28 | 31.30 | 132.58 | NOTE | |
r-release-macos-arm64 | 1.2.2 | 44.00 | NOTE | |||
r-release-macos-x86_64 | 1.2.2 | 69.00 | NOTE | |||
r-release-windows-x86_64 | 1.2.2 | 94.00 | 80.00 | 174.00 | NOTE | |
r-oldrel-macos-arm64 | 1.2.2 | 45.00 | OK | |||
r-oldrel-windows-x86_64 | 1.2.2 | 95.00 | 80.00 | 175.00 | OK |
Version: 1.2.2
Check: C++ specification
Result: NOTE
Specified C++11: please drop specification unless essential
Flavors: r-devel-linux-x86_64-debian-clang, r-devel-linux-x86_64-debian-gcc, r-devel-linux-x86_64-fedora-clang, r-devel-linux-x86_64-fedora-gcc, r-prerel-macos-arm64, r-prerel-windows-x86_64, r-patched-linux-x86_64, r-release-linux-x86_64, r-release-macos-arm64, r-release-macos-x86_64, r-release-windows-x86_64