CRAN Package Check Results for Package RcppMeCab

Last updated on 2025-01-19 05:49:18 CET.

Flavor Version Tinstall Tcheck Ttotal Status Flags
r-devel-linux-x86_64-debian-clang 0.0.1.2 25.20 22.10 47.30 NOTE
r-devel-linux-x86_64-debian-gcc 0.0.1.2 20.71 18.62 39.33 NOTE
r-devel-linux-x86_64-fedora-clang 0.0.1.2 84.11 NOTE
r-devel-linux-x86_64-fedora-gcc 0.0.1.2 100.13 NOTE
r-devel-windows-x86_64 0.0.1.2 38.00 80.00 118.00 NOTE
r-patched-linux-x86_64 0.0.1.2 31.22 21.99 53.21 NOTE
r-release-linux-x86_64 0.0.1.2 30.27 21.77 52.04 NOTE
r-release-macos-arm64 0.0.1.2 20.00 ERROR
r-release-macos-x86_64 0.0.1.2 21.00 ERROR
r-release-windows-x86_64 0.0.1.2 42.00 78.00 120.00 NOTE
r-oldrel-macos-arm64 0.0.1.2 24.00 ERROR
r-oldrel-macos-x86_64 0.0.1.2 25.00 ERROR
r-oldrel-windows-x86_64 0.0.1.2 48.00 88.00 136.00 NOTE

Check Details

Version: 0.0.1.2
Check: C++ specification
Result: NOTE Specified C++11: please drop specification unless essential Flavors: r-devel-linux-x86_64-debian-clang, r-devel-linux-x86_64-debian-gcc, r-devel-linux-x86_64-fedora-clang, r-devel-linux-x86_64-fedora-gcc, r-devel-windows-x86_64, r-patched-linux-x86_64, r-release-linux-x86_64, r-release-windows-x86_64, r-oldrel-windows-x86_64

Version: 0.0.1.2
Check: LazyData
Result: NOTE 'LazyData' is specified without a 'data' directory Flavors: r-patched-linux-x86_64, r-release-linux-x86_64, r-release-windows-x86_64, r-oldrel-windows-x86_64

Version: 0.0.1.2
Check: for GNU extensions in Makefiles
Result: NOTE GNU make is a SystemRequirements. Flavors: r-patched-linux-x86_64, r-release-linux-x86_64, r-release-windows-x86_64, r-oldrel-windows-x86_64

Version: 0.0.1.2
Check: whether package can be installed
Result: ERROR Installation failed. Flavors: r-release-macos-arm64, r-release-macos-x86_64, r-oldrel-macos-arm64, r-oldrel-macos-x86_64