Last updated on 2025-01-19 05:49:18 CET.
Flavor | Version | Tinstall | Tcheck | Ttotal | Status | Flags |
---|---|---|---|---|---|---|
r-devel-linux-x86_64-debian-clang | 0.1.2 | 153.24 | 24.14 | 177.38 | OK | |
r-devel-linux-x86_64-debian-gcc | 0.1.2 | 107.64 | 19.40 | 127.04 | OK | |
r-devel-linux-x86_64-fedora-clang | 0.1.2 | 414.77 | OK | |||
r-devel-linux-x86_64-fedora-gcc | 0.1.2 | 375.81 | OK | |||
r-devel-windows-x86_64 | 0.1.2 | 182.00 | 84.00 | 266.00 | OK | |
r-patched-linux-x86_64 | 0.1.2 | 152.05 | 23.41 | 175.46 | OK | |
r-release-linux-x86_64 | 0.1.2 | 152.67 | 23.42 | 176.09 | OK | |
r-release-macos-arm64 | 0.1.2 | 62.00 | NOTE | |||
r-release-macos-x86_64 | 0.1.2 | 70.00 | NOTE | |||
r-release-windows-x86_64 | 0.1.2 | 191.00 | 80.00 | 271.00 | OK | |
r-oldrel-macos-arm64 | 0.1.2 | 75.00 | NOTE | |||
r-oldrel-macos-x86_64 | 0.1.2 | 77.00 | NOTE | |||
r-oldrel-windows-x86_64 | 0.1.2 | 209.00 | 92.00 | 301.00 | OK |
Version: 0.1.2
Check: installed package size
Result: NOTE
installed size is 8.4Mb
sub-directories of 1Mb or more:
libs 8.3Mb
Flavors: r-release-macos-arm64, r-release-macos-x86_64, r-oldrel-macos-arm64, r-oldrel-macos-x86_64