Last updated on 2025-01-19 05:49:18 CET.
Flavor | Version | Tinstall | Tcheck | Ttotal | Status | Flags |
---|---|---|---|---|---|---|
r-devel-linux-x86_64-debian-clang | 0.2.4 | 18.98 | 45.06 | 64.04 | NOTE | |
r-devel-linux-x86_64-debian-gcc | 0.2.4 | 14.22 | 33.00 | 47.22 | NOTE | |
r-devel-linux-x86_64-fedora-clang | 0.2.4 | 120.67 | NOTE | |||
r-devel-linux-x86_64-fedora-gcc | 0.2.4 | 144.98 | NOTE | |||
r-devel-windows-x86_64 | 0.2.4 | 15.00 | 103.00 | 118.00 | OK | |
r-patched-linux-x86_64 | 0.2.4 | 19.50 | 42.12 | 61.62 | OK | |
r-release-linux-x86_64 | 0.2.4 | 18.48 | 42.20 | 60.68 | OK | |
r-release-macos-arm64 | 0.2.4 | 48.00 | OK | |||
r-release-macos-x86_64 | 0.2.4 | 114.00 | OK | |||
r-release-windows-x86_64 | 0.2.4 | 17.00 | 106.00 | 123.00 | OK | |
r-oldrel-macos-arm64 | 0.2.4 | 57.00 | OK | |||
r-oldrel-macos-x86_64 | 0.2.4 | 124.00 | OK | |||
r-oldrel-windows-x86_64 | 0.2.4 | 21.00 | 116.00 | 137.00 | OK |
Version: 0.2.4
Check: top-level files
Result: NOTE
possible bashism in configure.ac line 49 (should be 'b = a'):
if test x"${PKGCONFIG}" == x"yes"; then
possible bashism in configure.ac line 95 (should be 'b = a'):
if test x"$?" == x"1"; then
Flavors: r-devel-linux-x86_64-debian-clang, r-devel-linux-x86_64-debian-gcc, r-devel-linux-x86_64-fedora-clang, r-devel-linux-x86_64-fedora-gcc