Last updated on 2024-03-28 14:48:39 CET.
Flavor | Version | Tinstall | Tcheck | Ttotal | Status | Flags |
---|---|---|---|---|---|---|
r-devel-linux-x86_64-debian-clang | 0.2.7 | 149.30 | 38.78 | 188.08 | NOTE | |
r-devel-linux-x86_64-debian-gcc | 0.2.7 | 126.40 | 27.71 | 154.11 | NOTE | |
r-devel-linux-x86_64-fedora-clang | 0.2.7 | 293.00 | NOTE | |||
r-devel-linux-x86_64-fedora-gcc | 0.2.7 | 303.06 | NOTE | |||
r-devel-windows-x86_64 | 0.2.7 | 123.00 | 97.00 | 220.00 | NOTE | |
r-patched-linux-x86_64 | 0.2.7 | 161.94 | 35.51 | 197.45 | NOTE | |
r-release-linux-x86_64 | 0.2.7 | 167.46 | 35.08 | 202.54 | OK | |
r-release-macos-arm64 | 0.2.7 | 61.00 | NOTE | |||
r-release-macos-x86_64 | 0.2.7 | 103.00 | NOTE | |||
r-release-windows-x86_64 | 0.2.7 | 149.00 | 86.00 | 235.00 | OK | |
r-oldrel-macos-arm64 | 0.2.7 | 62.00 | NOTE | |||
r-oldrel-windows-x86_64 | 0.2.7 | 146.00 | 85.00 | 231.00 | OK |
Version: 0.2.7
Check: Rd files
Result: NOTE
checkRd: (-1) cSMCexamples.Rd:78-80: Lost braces in \itemize; \value handles \item{}{} directly
checkRd: (-1) cSMCexamples.Rd:81-83: Lost braces in \itemize; \value handles \item{}{} directly
checkRd: (-1) cSMCexamples.Rd:89: Lost braces in \itemize; \value handles \item{}{} directly
checkRd: (-1) cSMCexamples.Rd:90: Lost braces in \itemize; \value handles \item{}{} directly
Flavors: r-devel-linux-x86_64-debian-clang, r-devel-linux-x86_64-debian-gcc, r-devel-linux-x86_64-fedora-clang, r-devel-linux-x86_64-fedora-gcc, r-devel-windows-x86_64, r-patched-linux-x86_64
Version: 0.2.7
Check: installed package size
Result: NOTE
installed size is 7.3Mb
sub-directories of 1Mb or more:
libs 7.0Mb
Flavors: r-release-macos-arm64, r-release-macos-x86_64, r-oldrel-macos-arm64