Last updated on 2025-01-19 05:49:18 CET.
Flavor | Version | Tinstall | Tcheck | Ttotal | Status | Flags |
---|---|---|---|---|---|---|
r-devel-linux-x86_64-debian-clang | 0.0.19 | 64.84 | 26.31 | 91.15 | OK | |
r-devel-linux-x86_64-debian-gcc | 0.0.19 | 49.79 | 21.39 | 71.18 | OK | |
r-devel-linux-x86_64-fedora-clang | 0.0.19 | 140.35 | OK | |||
r-devel-linux-x86_64-fedora-gcc | 0.0.19 | 198.88 | OK | |||
r-devel-windows-x86_64 | 0.0.19 | 67.00 | 86.00 | 153.00 | OK | |
r-patched-linux-x86_64 | 0.0.19 | 64.82 | 25.15 | 89.97 | OK | |
r-release-linux-x86_64 | 0.0.19 | 69.18 | 24.90 | 94.08 | OK | |
r-release-macos-arm64 | 0.0.19 | 67.00 | NOTE | |||
r-release-macos-x86_64 | 0.0.19 | 102.00 | NOTE | |||
r-release-windows-x86_64 | 0.0.19 | 68.00 | 83.00 | 151.00 | OK | |
r-oldrel-macos-arm64 | 0.0.19 | 68.00 | NOTE | |||
r-oldrel-macos-x86_64 | 0.0.19 | 107.00 | NOTE | |||
r-oldrel-windows-x86_64 | 0.0.19 | 77.00 | 95.00 | 172.00 | OK |
Version: 0.0.19
Check: installed package size
Result: NOTE
installed size is 7.0Mb
sub-directories of 1Mb or more:
include 1.2Mb
libs 5.6Mb
Flavors: r-release-macos-arm64, r-release-macos-x86_64, r-oldrel-macos-arm64, r-oldrel-macos-x86_64