CRAN Package Check Results for Package Rdpack

Last updated on 2025-01-19 05:49:18 CET.

Flavor Version Tinstall Tcheck Ttotal Status Flags
r-devel-linux-x86_64-debian-clang 2.6.2 5.34 65.22 70.56 OK
r-devel-linux-x86_64-debian-gcc 2.6.2 4.92 46.98 51.90 OK
r-devel-linux-x86_64-fedora-clang 2.6.2 116.41 OK
r-devel-linux-x86_64-fedora-gcc 2.6.2 127.53 OK
r-devel-windows-x86_64 2.6.2 10.00 115.00 125.00 NOTE
r-patched-linux-x86_64 2.6.2 7.35 61.81 69.16 OK
r-release-linux-x86_64 2.6.2 6.01 61.37 67.38 OK
r-release-macos-arm64 2.6.2 204.00 OK
r-release-macos-x86_64 2.6.2 222.00 OK
r-release-windows-x86_64 2.6.2 10.00 115.00 125.00 NOTE
r-oldrel-macos-arm64 2.6.2 208.00 OK
r-oldrel-macos-x86_64 2.6.2 232.00 OK
r-oldrel-windows-x86_64 2.6.2 10.00 119.00 129.00 OK

Check Details

Version: 2.6.2
Check: package subdirectories
Result: NOTE Found the following CITATION file in a non-standard place: Rdpack/inst/CITATION Most likely 'inst/CITATION' should be used instead. Flavors: r-devel-windows-x86_64, r-release-windows-x86_64