CRAN Package Check Results for Package Rdrools

Last updated on 2019-10-15 12:46:21 CEST.

Flavor Version Tinstall Tcheck Ttotal Status Flags
r-devel-linux-x86_64-debian-clang 1.1.1 6.82 92.47 99.29 OK
r-devel-linux-x86_64-debian-gcc 1.1.1 5.55 71.57 77.12 OK
r-devel-linux-x86_64-fedora-clang 1.1.1 124.20 OK
r-devel-linux-x86_64-fedora-gcc 1.1.1 114.43 OK
r-devel-windows-ix86+x86_64 1.1.1 8.00 6.00 14.00 ERROR
r-patched-linux-x86_64 1.1.1 5.54 89.63 95.17 OK
r-patched-solaris-x86 1.1.1 122.90 WARN
r-release-linux-x86_64 1.1.1 6.55 87.84 94.39 OK
r-release-windows-ix86+x86_64 1.1.1 18.00 121.00 139.00 OK
r-release-osx-x86_64 1.1.1 WARN
r-oldrel-windows-ix86+x86_64 1.1.1 6.00 80.00 86.00 OK
r-oldrel-osx-x86_64 1.1.1 WARN

Check Details

Version: 1.1.1
Check: whether package can be installed
Result: ERROR
    Installation failed.
Flavor: r-devel-windows-ix86+x86_64

Version: 1.1.1
Check: re-building of vignette outputs
Result: WARN
    Error(s) in re-building vignettes:
     ...
    --- re-building ‘Executing_Business_Rules_At_Scale_With_RDrools_using_Drools.Rmd’ using rmarkdown
    Warning in engine$weave(file, quiet = quiet, encoding = enc) :
     Pandoc (>= 1.12.3) and/or pandoc-citeproc not available. Falling back to R Markdown v1.
    Loading required package: rJava
    Loading required package: Rdroolsjars
    
    Attaching package: 'dplyr'
    
    The following objects are masked from 'package:stats':
    
     filter, lag
    
    The following objects are masked from 'package:base':
    
     intersect, setdiff, setequal, union
    
    
    Attaching package: 'purrr'
    
    The following object is masked from 'package:magrittr':
    
     set_names
    
    SLF4J: Failed to load class "org.slf4j.impl.StaticLoggerBinder".
    SLF4J: Defaulting to no-operation (NOP) logger implementation
    SLF4J: See http://www.slf4j.org/codes.html#StaticLoggerBinder for further details.
    Warning in if (class(intermediateOutput) == "list") { :
     the condition has length > 1 and only the first element will be used
    Warning: filter_() is deprecated.
    Please use filter() instead
    
    The 'programming' vignette or the tidyeval book can help you
    to program with filter() : https://tidyeval.tidyverse.org
    This warning is displayed once per session.
    Warning in if (class(intermediateOutput) == "list") { :
     the condition has length > 1 and only the first element will be used
    Quitting from lines 374-381 (Executing_Business_Rules_At_Scale_With_RDrools_using_Drools.Rmd)
    Error: processing vignette 'Executing_Business_Rules_At_Scale_With_RDrools_using_Drools.Rmd' failed with diagnostics:
    there is no package called 'webshot'
    --- failed re-building ‘Executing_Business_Rules_At_Scale_With_RDrools_using_Drools.Rmd’
    
    SUMMARY: processing the following file failed:
     ‘Executing_Business_Rules_At_Scale_With_RDrools_using_Drools.Rmd’
    
    Error: Vignette re-building failed.
    Execution halted
Flavor: r-patched-solaris-x86

Version: 1.1.1
Check: re-building of vignette outputs
Result: WARN
    Error(s) in re-building vignettes:
    --- re-building ‘Executing_Business_Rules_At_Scale_With_RDrools_using_Drools.Rmd’ using rmarkdown
    Warning in engine$weave(file, quiet = quiet, encoding = enc) :
     Pandoc (>= 1.12.3) and/or pandoc-citeproc not available. Falling back to R Markdown v1.
    Loading required package: rJava
    Loading required package: Rdroolsjars
    
    Attaching package: 'dplyr'
    
    The following objects are masked from 'package:stats':
    
     filter, lag
    
    The following objects are masked from 'package:base':
    
     intersect, setdiff, setequal, union
    
    
    Attaching package: 'purrr'
    
    The following object is masked from 'package:magrittr':
    
     set_names
    
    SLF4J: Failed to load class "org.slf4j.impl.StaticLoggerBinder".
    SLF4J: Defaulting to no-operation (NOP) logger implementation
    SLF4J: See http://www.slf4j.org/codes.html#StaticLoggerBinder for further details.
    WARNING: An illegal reflective access operation has occurred
    WARNING: Illegal reflective access by com.thoughtworks.xstream.core.util.Fields (file:/Volumes/SSD-Data/Builds/R-dev-web/QA/Simon/packages/el-capitan-x86_64/Rlib/3.6/Rdroolsjars/java/xstream-1.4.9.jar) to field java.util.TreeMap.comparator
    WARNING: Please consider reporting this to the maintainers of com.thoughtworks.xstream.core.util.Fields
    WARNING: Use --illegal-access=warn to enable warnings of further illegal reflective access operations
    WARNING: All illegal access operations will be denied in a future release
    Warning in if (class(intermediateOutput) == "list") { :
     the condition has length > 1 and only the first element will be used
    Warning: filter_() is deprecated.
    Please use filter() instead
    
    The 'programming' vignette or the tidyeval book can help you
    to program with filter() : https://tidyeval.tidyverse.org
    This warning is displayed once per session.
    Warning in if (class(intermediateOutput) == "list") { :
     the condition has length > 1 and only the first element will be used
    Warning in normalizePath(f2) :
     path[1]="webshot42723cd7872a.png": No such file or directory
    Warning in file(con, "rb") :
     cannot open file 'webshot42723cd7872a.png': No such file or directory
    Quitting from lines 374-381 (Executing_Business_Rules_At_Scale_With_RDrools_using_Drools.Rmd)
    Error: processing vignette 'Executing_Business_Rules_At_Scale_With_RDrools_using_Drools.Rmd' failed with diagnostics:
    cannot open the connection
    --- failed re-building ‘Executing_Business_Rules_At_Scale_With_RDrools_using_Drools.Rmd’
    
    SUMMARY: processing the following file failed:
     ‘Executing_Business_Rules_At_Scale_With_RDrools_using_Drools.Rmd’
    
    Error: Vignette re-building failed.
    Execution halted
Flavor: r-release-osx-x86_64

Version: 1.1.1
Check: re-building of vignette outputs
Result: WARN
    Error in re-building vignettes:
     ...
    
    The following object is masked from 'package:magrittr':
    
     set_names
    
    SLF4J: Failed to load class "org.slf4j.impl.StaticLoggerBinder".
    SLF4J: Defaulting to no-operation (NOP) logger implementation
    SLF4J: See http://www.slf4j.org/codes.html#StaticLoggerBinder for further details.
    WARNING: An illegal reflective access operation has occurred
    WARNING: Illegal reflective access by com.thoughtworks.xstream.core.util.Fields (file:/Volumes/SSD-Data/Builds/R-dev-web/QA/Simon/packages/el-capitan-x86_64/Rlib/3.5/Rdroolsjars/java/xstream-1.4.9.jar) to field java.util.TreeMap.comparator
    WARNING: Please consider reporting this to the maintainers of com.thoughtworks.xstream.core.util.Fields
    WARNING: Use --illegal-access=warn to enable warnings of further illegal reflective access operations
    WARNING: All illegal access operations will be denied in a future release
    Warning in if (class(intermediateOutput) == "list") { :
     the condition has length > 1 and only the first element will be used
    Warning in if (class(intermediateOutput) == "list") { :
     the condition has length > 1 and only the first element will be used
    Warning in normalizePath(f2) :
     path[1]="./webshot94d2112788b9.png": No such file or directory
    Warning in file(con, "rb") :
     cannot open file './webshot94d2112788b9.png': No such file or directory
    Quitting from lines 374-381 (Executing_Business_Rules_At_Scale_With_RDrools_using_Drools.Rmd)
    Error: processing vignette 'Executing_Business_Rules_At_Scale_With_RDrools_using_Drools.Rmd' failed with diagnostics:
    cannot open the connection
    Execution halted
Flavor: r-oldrel-osx-x86_64