CRAN Package Check Results for Package ReAD

Last updated on 2025-01-19 05:49:18 CET.

Flavor Version Tinstall Tcheck Ttotal Status Flags
r-devel-linux-x86_64-debian-clang 1.0.1 27.44 40.61 68.05 NOTE
r-devel-linux-x86_64-debian-gcc 1.0.1 18.77 29.94 48.71 NOTE
r-devel-linux-x86_64-fedora-clang 1.0.1 121.98 NOTE
r-devel-linux-x86_64-fedora-gcc 1.0.1 123.35 NOTE
r-devel-windows-x86_64 1.0.1 29.00 82.00 111.00 NOTE
r-patched-linux-x86_64 1.0.1 27.67 37.82 65.49 NOTE
r-release-linux-x86_64 1.0.1 28.80 37.60 66.40 NOTE
r-release-macos-arm64 1.0.1 33.00 NOTE
r-release-macos-x86_64 1.0.1 44.00 NOTE
r-release-windows-x86_64 1.0.1 31.00 74.00 105.00 NOTE
r-oldrel-macos-arm64 1.0.1 33.00 OK
r-oldrel-macos-x86_64 1.0.1 80.00 OK
r-oldrel-windows-x86_64 1.0.1 36.00 87.00 123.00 OK

Check Details

Version: 1.0.1
Check: Rd files
Result: NOTE checkRd: (-1) ReAD.Rd:19: Lost braces; missing escapes or markup? 19 | \item{pi}{An estimate of the stationary probabilities of four states {(0,0), (0,1), (1,0), (1,1)}.} | ^ checkRd: (-1) em_hmm.Rd:22: Lost braces; missing escapes or markup? 22 | \item{pi}{An estimate of the stationary probabilities of four states {(0,0), (0,1), (1,0), (1,1)}.} | ^ Flavors: r-devel-linux-x86_64-debian-clang, r-devel-linux-x86_64-debian-gcc, r-devel-linux-x86_64-fedora-clang, r-devel-linux-x86_64-fedora-gcc, r-devel-windows-x86_64, r-patched-linux-x86_64, r-release-linux-x86_64, r-release-macos-arm64, r-release-macos-x86_64, r-release-windows-x86_64