Last updated on 2024-05-01 16:53:07 CEST.
Flavor | Version | Tinstall | Tcheck | Ttotal | Status | Flags |
---|---|---|---|---|---|---|
r-devel-linux-x86_64-debian-clang | 0.4-1 | 55.93 | 245.93 | 301.86 | NOTE | |
r-devel-linux-x86_64-debian-gcc | 0.4-1 | 42.79 | 164.73 | 207.52 | NOTE | |
r-devel-linux-x86_64-fedora-clang | 0.4-1 | 355.71 | NOTE | |||
r-devel-linux-x86_64-fedora-gcc | 0.4-1 | 351.90 | NOTE | |||
r-devel-windows-x86_64 | 0.4-1 | 40.00 | 161.00 | 201.00 | NOTE | |
r-patched-linux-x86_64 | 0.4-1 | 47.04 | 226.74 | 273.78 | NOTE | |
r-release-linux-x86_64 | 0.4-1 | 50.86 | 219.41 | 270.27 | NOTE | |
r-release-macos-arm64 | 0.4-1 | 65.00 | NOTE | |||
r-release-windows-x86_64 | 0.4-1 | 42.00 | 167.00 | 209.00 | NOTE | |
r-oldrel-macos-arm64 | 0.4-1 | 72.00 | NOTE | |||
r-oldrel-macos-x86_64 | 0.4-1 | 160.00 | NOTE | |||
r-oldrel-windows-x86_64 | 0.4-1 | 53.00 | 214.00 | 267.00 | NOTE |
Version: 0.4-1
Check: C++ specification
Result: NOTE
Specified C++11: please drop specification unless essential
Flavors: r-devel-linux-x86_64-debian-clang, r-devel-linux-x86_64-debian-gcc, r-devel-linux-x86_64-fedora-clang, r-devel-linux-x86_64-fedora-gcc, r-devel-windows-x86_64, r-patched-linux-x86_64, r-release-linux-x86_64, r-release-macos-arm64, r-release-windows-x86_64, r-oldrel-macos-arm64, r-oldrel-macos-x86_64, r-oldrel-windows-x86_64