CRAN Package Check Results for Package RefFreeEWAS

Last updated on 2018-01-16 12:47:17 CET.

Flavor Version Tinstall Tcheck Ttotal Status Flags
r-devel-linux-x86_64-debian-clang 2.1 1.98 65.84 67.82 OK
r-devel-linux-x86_64-debian-gcc 2.1 1.81 49.14 50.95 OK
r-devel-windows-ix86+x86_64 2.1 12.00 78.00 90.00 OK
r-patched-linux-x86_64 2.1 2.32 67.50 69.82 OK
r-patched-solaris-x86 2.1 136.10 OK
r-release-linux-x86_64 2.1 2.50 66.42 68.92 OK
r-release-windows-ix86+x86_64 2.1 12.00 104.00 116.00 OK
r-release-osx-x86_64 2.1 ERROR
r-oldrel-windows-ix86+x86_64 2.1 13.00 95.00 108.00 OK
r-oldrel-osx-x86_64 2.1 OK

Check Details

Version: 2.1
Check: package dependencies
Result: ERROR
    Package required but not available: ‘isva’
    
    See section ‘The DESCRIPTION file’ in the ‘Writing R Extensions’
    manual.
Flavor: r-release-osx-x86_64