Last updated on 2024-05-01 16:53:07 CEST.
Flavor | Version | Tinstall | Tcheck | Ttotal | Status | Flags |
---|---|---|---|---|---|---|
r-devel-linux-x86_64-debian-clang | 0.1.0 | 1.51 | 21.27 | 22.78 | OK | |
r-devel-linux-x86_64-debian-gcc | 0.1.0 | 1.67 | 16.97 | 18.64 | OK | |
r-devel-linux-x86_64-fedora-clang | 0.1.0 | 29.96 | NOTE | |||
r-devel-linux-x86_64-fedora-gcc | 0.1.0 | 28.74 | NOTE | |||
r-devel-windows-x86_64 | 0.1.0 | 3.00 | 39.00 | 42.00 | OK | |
r-patched-linux-x86_64 | 0.1.0 | 1.93 | 20.85 | 22.78 | OK | |
r-release-linux-x86_64 | 0.1.0 | 2.01 | 20.86 | 22.87 | OK | |
r-release-macos-arm64 | 0.1.0 | 12.00 | OK | |||
r-release-windows-x86_64 | 0.1.0 | 3.00 | 39.00 | 42.00 | OK | |
r-oldrel-macos-arm64 | 0.1.0 | 13.00 | OK | |||
r-oldrel-macos-x86_64 | 0.1.0 | 18.00 | OK | |||
r-oldrel-windows-x86_64 | 0.1.0 | 4.00 | 39.00 | 43.00 | OK |
Version: 0.1.0
Check: dependencies in R code
Result: NOTE
Namespace in Imports field not imported from: ‘MASS’
All declared Imports should be used.
Flavors: r-devel-linux-x86_64-fedora-clang, r-devel-linux-x86_64-fedora-gcc