Last updated on 2024-04-17 13:57:40 CEST.
Flavor | Version | Tinstall | Tcheck | Ttotal | Status | Flags |
---|---|---|---|---|---|---|
r-devel-linux-x86_64-debian-clang | 1.0.5 | 6.54 | 55.68 | 62.22 | OK | |
r-devel-linux-x86_64-debian-gcc | 1.0.5 | 7.01 | 42.09 | 49.10 | OK | |
r-devel-linux-x86_64-fedora-clang | 1.0.5 | 78.20 | NOTE | |||
r-devel-linux-x86_64-fedora-gcc | 1.0.5 | 91.39 | NOTE | |||
r-prerel-macos-arm64 | 1.0.5 | 39.00 | OK | |||
r-prerel-windows-x86_64 | 1.0.5 | 7.00 | 73.00 | 80.00 | OK | |
r-patched-linux-x86_64 | 1.0.5 | 8.95 | 52.83 | 61.78 | OK | |
r-release-linux-x86_64 | 1.0.5 | 6.46 | 51.23 | 57.69 | OK | |
r-release-macos-arm64 | 1.0.5 | 47.00 | OK | |||
r-release-macos-x86_64 | 1.0.5 | 57.00 | OK | |||
r-release-windows-x86_64 | 1.0.5 | 12.00 | 70.00 | 82.00 | OK | |
r-oldrel-macos-arm64 | 1.0.5 | 30.00 | NOTE | |||
r-oldrel-windows-x86_64 | 1.0.5 | 12.00 | 73.00 | 85.00 | OK |
Version: 1.0.5
Check: dependencies in R code
Result: NOTE
Namespace in Imports field not imported from: ‘ggplot2’
All declared Imports should be used.
Flavors: r-devel-linux-x86_64-fedora-clang, r-devel-linux-x86_64-fedora-gcc, r-oldrel-macos-arm64