CRAN Package Check Results for Package ReportSubtotal

Last updated on 2025-01-19 05:49:18 CET.

Flavor Version Tinstall Tcheck Ttotal Status Flags
r-devel-linux-x86_64-debian-clang 0.1.2 3.82 33.71 37.53 OK
r-devel-linux-x86_64-debian-gcc 0.1.2 2.71 23.89 26.60 OK
r-devel-linux-x86_64-fedora-clang 0.1.2 61.32 NOTE
r-devel-linux-x86_64-fedora-gcc 0.1.2 59.39 NOTE
r-devel-windows-x86_64 0.1.2 6.00 55.00 61.00 OK
r-patched-linux-x86_64 0.1.2 3.69 30.94 34.63 OK
r-release-linux-x86_64 0.1.2 3.68 30.84 34.52 OK
r-release-macos-arm64 0.1.2 27.00 OK
r-release-macos-x86_64 0.1.2 42.00 OK
r-release-windows-x86_64 0.1.2 4.00 54.00 58.00 OK
r-oldrel-macos-arm64 0.1.2 25.00 OK
r-oldrel-macos-x86_64 0.1.2 41.00 OK
r-oldrel-windows-x86_64 0.1.2 7.00 56.00 63.00 OK

Check Details

Version: 0.1.2
Check: dependencies in R code
Result: NOTE Namespace in Imports field not imported from: ‘tidyselect’ All declared Imports should be used. Flavors: r-devel-linux-x86_64-fedora-clang, r-devel-linux-x86_64-fedora-gcc