Last updated on 2025-01-19 05:49:18 CET.
Flavor | Version | Tinstall | Tcheck | Ttotal | Status | Flags |
---|---|---|---|---|---|---|
r-devel-linux-x86_64-debian-clang | 0.1.9 | 10.16 | 94.05 | 104.21 | OK | |
r-devel-linux-x86_64-debian-gcc | 0.1.9 | 6.53 | 67.20 | 73.73 | OK | |
r-devel-linux-x86_64-fedora-clang | 0.1.9 | 175.44 | OK | |||
r-devel-linux-x86_64-fedora-gcc | 0.1.9 | 177.30 | OK | |||
r-devel-windows-x86_64 | 0.1.9 | 12.00 | 122.00 | 134.00 | OK | |
r-patched-linux-x86_64 | 0.1.9 | 10.28 | 88.22 | 98.50 | OK | |
r-release-linux-x86_64 | 0.1.9 | 7.77 | 87.69 | 95.46 | OK | |
r-release-macos-arm64 | 0.1.9 | 57.00 | OK | |||
r-release-macos-x86_64 | 0.1.9 | 111.00 | NOTE | |||
r-release-windows-x86_64 | 0.1.9 | 14.00 | 122.00 | 136.00 | OK | |
r-oldrel-macos-arm64 | 0.1.9 | 62.00 | NOTE | |||
r-oldrel-macos-x86_64 | 0.1.9 | 104.00 | NOTE | |||
r-oldrel-windows-x86_64 | 0.1.9 | 15.00 | 134.00 | 149.00 | OK |
Version: 0.1.9
Check: package dependencies
Result: NOTE
Packages suggested but not available for checking: 'PADOG', 'safe'
Flavor: r-release-macos-x86_64
Version: 0.1.9
Check: Rd cross-references
Result: NOTE
Packages unavailable to check Rd xrefs: ‘PADOG’, ‘safe’
Flavor: r-release-macos-x86_64
Version: 0.1.9
Check: package dependencies
Result: NOTE
Packages suggested but not available for checking: 'PADOG', 'GSVA'
Flavors: r-oldrel-macos-arm64, r-oldrel-macos-x86_64
Version: 0.1.9
Check: Rd cross-references
Result: NOTE
Packages unavailable to check Rd xrefs: ‘GSVA’, ‘PADOG’
Flavors: r-oldrel-macos-arm64, r-oldrel-macos-x86_64