Last updated on 2024-04-17 13:57:41 CEST.
Flavor | Version | Tinstall | Tcheck | Ttotal | Status | Flags |
---|---|---|---|---|---|---|
r-devel-linux-x86_64-debian-clang | 2.1.0 | 1493.55 | 132.68 | 1626.23 | OK | |
r-devel-linux-x86_64-debian-gcc | 2.1.0 | 1190.97 | 95.55 | 1286.52 | OK | |
r-devel-linux-x86_64-fedora-clang | 2.1.0 | 2457.53 | NOTE | |||
r-devel-linux-x86_64-fedora-gcc | 2.1.0 | 2547.00 | OK | |||
r-prerel-macos-arm64 | 2.1.0 | 356.00 | NOTE | |||
r-prerel-windows-x86_64 | 2.1.0 | 1162.00 | 218.00 | 1380.00 | NOTE | |
r-patched-linux-x86_64 | 2.1.0 | 1475.47 | 130.82 | 1606.29 | OK | |
r-release-linux-x86_64 | 2.1.0 | 1539.97 | 130.33 | 1670.30 | OK | |
r-release-macos-arm64 | 2.1.0 | 378.00 | NOTE | |||
r-release-macos-x86_64 | 2.1.0 | 320.00 | NOTE | |||
r-release-windows-x86_64 | 2.1.0 | 1480.00 | 245.00 | 1725.00 | NOTE | |
r-oldrel-macos-arm64 | 2.1.0 | 352.00 | NOTE | |||
r-oldrel-windows-x86_64 | 2.1.0 | 1406.00 | 221.00 | 1627.00 | NOTE |
Version: 2.1.0
Check: installed package size
Result: NOTE
installed size is 5.6Mb
sub-directories of 1Mb or more:
libs 4.2Mb
Flavors: r-devel-linux-x86_64-fedora-clang, r-prerel-macos-arm64, r-prerel-windows-x86_64, r-release-macos-arm64, r-release-macos-x86_64, r-release-windows-x86_64, r-oldrel-macos-arm64, r-oldrel-windows-x86_64