CRAN Package Check Results for Package Rfssa

Last updated on 2020-05-28 12:48:48 CEST.

Flavor Version Tinstall Tcheck Ttotal Status Flags
r-devel-linux-x86_64-debian-clang 1.0.0 104.93 115.03 219.96 OK
r-devel-linux-x86_64-debian-gcc 1.0.0 76.65 87.36 164.01 OK
r-devel-linux-x86_64-fedora-clang 1.0.0 287.83 NOTE
r-devel-linux-x86_64-fedora-gcc 1.0.0 262.85 NOTE
r-devel-windows-ix86+x86_64 1.0.0 274.00 234.00 508.00 OK
r-patched-linux-x86_64 1.0.0 76.69 112.43 189.12 OK
r-patched-solaris-x86 1.0.0 314.70 NOTE
r-release-linux-x86_64 1.0.0 78.87 112.68 191.55 OK
r-release-osx-x86_64 1.0.0 NOTE
r-release-windows-ix86+x86_64 1.0.0 184.00 189.00 373.00 OK
r-oldrel-osx-x86_64 1.0.0 NOTE
r-oldrel-windows-ix86+x86_64 1.0.0 191.00 175.00 366.00 OK

Check Details

Version: 1.0.0
Check: dependencies in R code
Result: NOTE
    Namespace in Imports field not imported from: ‘markdown’
     All declared Imports should be used.
Flavors: r-devel-linux-x86_64-fedora-clang, r-devel-linux-x86_64-fedora-gcc, r-patched-solaris-x86, r-release-osx-x86_64, r-oldrel-osx-x86_64