CRAN Package Check Results for Package Rfssa

Last updated on 2019-10-16 12:48:44 CEST.

Flavor Version Tinstall Tcheck Ttotal Status Flags
r-devel-linux-x86_64-debian-clang 1.0.0 96.32 100.61 196.93 OK
r-devel-linux-x86_64-debian-gcc 1.0.0 68.53 79.25 147.78 OK
r-devel-linux-x86_64-fedora-clang 1.0.0 264.50 NOTE
r-devel-linux-x86_64-fedora-gcc 1.0.0 244.40 NOTE
r-devel-windows-ix86+x86_64 1.0.0 210.00 165.00 375.00 OK
r-patched-linux-x86_64 1.0.0 73.91 95.21 169.12 OK
r-patched-solaris-x86 1.0.0 288.30 NOTE
r-release-linux-x86_64 1.0.0 76.74 98.58 175.32 OK
r-release-windows-ix86+x86_64 1.0.0 161.00 147.00 308.00 OK
r-release-osx-x86_64 1.0.0 NOTE
r-oldrel-windows-ix86+x86_64 1.0.0 175.00 148.00 323.00 OK
r-oldrel-osx-x86_64 1.0.0 NOTE

Check Details

Version: 1.0.0
Check: dependencies in R code
Result: NOTE
    Namespace in Imports field not imported from: ‘markdown’
     All declared Imports should be used.
Flavors: r-devel-linux-x86_64-fedora-clang, r-devel-linux-x86_64-fedora-gcc, r-patched-solaris-x86, r-release-osx-x86_64, r-oldrel-osx-x86_64