Last updated on 2025-01-19 05:49:18 CET.
Flavor | Version | Tinstall | Tcheck | Ttotal | Status | Flags |
---|---|---|---|---|---|---|
r-devel-linux-x86_64-debian-clang | 3.1.0 | 80.03 | 181.89 | 261.92 | NOTE | |
r-devel-linux-x86_64-debian-gcc | 3.1.0 | 57.66 | 125.49 | 183.15 | NOTE | |
r-devel-linux-x86_64-fedora-clang | 3.1.0 | 344.08 | OK | |||
r-devel-linux-x86_64-fedora-gcc | 3.1.0 | 476.61 | OK | |||
r-devel-windows-x86_64 | 3.1.0 | 90.00 | 202.00 | 292.00 | NOTE | |
r-patched-linux-x86_64 | 3.1.0 | 87.08 | 166.98 | 254.06 | OK | |
r-release-linux-x86_64 | 3.1.0 | 78.82 | 169.45 | 248.27 | OK | |
r-release-macos-arm64 | 3.1.0 | 113.00 | NOTE | |||
r-release-macos-x86_64 | 3.1.0 | 166.00 | NOTE | |||
r-release-windows-x86_64 | 3.1.0 | 86.00 | 201.00 | 287.00 | OK | |
r-oldrel-macos-arm64 | 3.1.0 | 105.00 | NOTE | |||
r-oldrel-macos-x86_64 | 3.1.0 | 194.00 | NOTE | |||
r-oldrel-windows-x86_64 | 3.1.0 | 109.00 | 251.00 | 360.00 | OK |
Version: 3.1.0
Check: Rd cross-references
Result: NOTE
Found the following Rd file(s) with Rd \link{} targets missing package
anchors:
as.funts.Rd: fd, fts, create.bspline.basis
Please provide package anchors for all Rd \link{} targets not in the
package itself and the base packages.
Flavors: r-devel-linux-x86_64-debian-clang, r-devel-linux-x86_64-debian-gcc, r-devel-windows-x86_64
Version: 3.1.0
Check: installed package size
Result: NOTE
installed size is 7.6Mb
sub-directories of 1Mb or more:
libs 6.8Mb
Flavors: r-release-macos-arm64, r-release-macos-x86_64, r-oldrel-macos-arm64, r-oldrel-macos-x86_64