CRAN Package Check Results for Package Rgff

Last updated on 2025-01-19 05:49:18 CET.

Flavor Version Tinstall Tcheck Ttotal Status Flags
r-devel-linux-x86_64-debian-clang 0.1.6 3.95 65.96 69.91 OK
r-devel-linux-x86_64-debian-gcc 0.1.6 3.30 48.14 51.44 OK
r-devel-linux-x86_64-fedora-clang 0.1.6 119.93 NOTE
r-devel-linux-x86_64-fedora-gcc 0.1.6 132.05 NOTE
r-devel-windows-x86_64 0.1.6 8.00 87.00 95.00 OK
r-patched-linux-x86_64 0.1.6 4.80 61.75 66.55 OK
r-release-linux-x86_64 0.1.6 4.61 61.68 66.29 OK
r-release-macos-arm64 0.1.6 42.00 OK
r-release-macos-x86_64 0.1.6 59.00 OK
r-release-windows-x86_64 0.1.6 8.00 84.00 92.00 OK
r-oldrel-macos-arm64 0.1.6 42.00 OK
r-oldrel-macos-x86_64 0.1.6 71.00 OK
r-oldrel-windows-x86_64 0.1.6 8.00 95.00 103.00 OK

Additional issues

noSuggests

Check Details

Version: 0.1.6
Check: dependencies in R code
Result: NOTE Namespace in Imports field not imported from: ‘tidyr’ All declared Imports should be used. Flavors: r-devel-linux-x86_64-fedora-clang, r-devel-linux-x86_64-fedora-gcc