CRAN Package Check Results for Package RgoogleMaps

Last updated on 2025-01-19 05:49:18 CET.

Flavor Version Tinstall Tcheck Ttotal Status Flags
r-devel-linux-x86_64-debian-clang 1.5.1 3.71 34.43 38.14 NOTE
r-devel-linux-x86_64-debian-gcc 1.5.1 2.64 24.53 27.17 NOTE
r-devel-linux-x86_64-fedora-clang 1.5.1 63.42 OK
r-devel-linux-x86_64-fedora-gcc 1.5.1 62.28 OK
r-devel-windows-x86_64 1.5.1 6.00 61.00 67.00 NOTE
r-patched-linux-x86_64 1.5.1 4.46 31.78 36.24 OK
r-release-linux-x86_64 1.5.1 3.17 31.73 34.90 OK
r-release-macos-arm64 1.5.1 19.00 OK
r-release-macos-x86_64 1.5.1 42.00 OK
r-release-windows-x86_64 1.5.1 6.00 60.00 66.00 OK
r-oldrel-macos-arm64 1.5.1 24.00 OK
r-oldrel-macos-x86_64 1.5.1 73.00 OK
r-oldrel-windows-x86_64 1.5.1 6.00 66.00 72.00 OK

Check Details

Version: 1.5.1
Check: Rd cross-references
Result: NOTE Found the following Rd file(s) with Rd \link{} targets missing package anchors: ReadMapTile.Rd: readPNG Please provide package anchors for all Rd \link{} targets not in the package itself and the base packages. Flavors: r-devel-linux-x86_64-debian-clang, r-devel-linux-x86_64-debian-gcc, r-devel-windows-x86_64