CRAN Package Check Results for Package RiemBase

Last updated on 2020-07-12 12:47:42 CEST.

Flavor Version Tinstall Tcheck Ttotal Status Flags
r-devel-linux-x86_64-debian-clang 0.2.4 52.08 29.88 81.96 OK
r-devel-linux-x86_64-debian-gcc 0.2.4 39.30 23.90 63.20 OK
r-devel-linux-x86_64-fedora-clang 0.2.4 130.64 NOTE
r-devel-linux-x86_64-fedora-gcc 0.2.4 102.87 OK
r-devel-windows-ix86+x86_64 0.2.4 120.00 90.00 210.00 OK
r-patched-linux-x86_64 0.2.4 40.58 30.17 70.75 OK
r-patched-solaris-x86 0.2.4 109.20 OK
r-release-linux-x86_64 0.2.4 41.98 30.01 71.99 OK
r-release-macos-x86_64 0.2.4 NOTE
r-release-windows-ix86+x86_64 0.2.4 119.00 70.00 189.00 OK
r-oldrel-macos-x86_64 0.2.4 NOTE
r-oldrel-windows-ix86+x86_64 0.2.4 108.00 65.00 173.00 OK

Check Details

Version: 0.2.4
Check: installed package size
Result: NOTE
     installed size is 5.3Mb
     sub-directories of 1Mb or more:
     libs 5.1Mb
Flavors: r-devel-linux-x86_64-fedora-clang, r-release-macos-x86_64, r-oldrel-macos-x86_64