CRAN Package Check Results for Package Rinstapkg

Last updated on 2020-02-28 12:47:36 CET.

Flavor Version Tinstall Tcheck Ttotal Status Flags
r-devel-linux-x86_64-debian-clang 0.1.0 6.52 49.15 55.67 OK
r-devel-linux-x86_64-debian-gcc 0.1.0 5.29 37.78 43.07 OK
r-devel-linux-x86_64-fedora-clang 0.1.0 72.35 NOTE
r-devel-linux-x86_64-fedora-gcc 0.1.0 69.78 NOTE
r-devel-windows-ix86+x86_64 0.1.0 16.00 66.00 82.00 OK
r-devel-windows-ix86+x86_64-gcc8 0.1.0 13.00 69.00 82.00 OK
r-patched-linux-x86_64 0.1.0 5.97 43.40 49.37 OK
r-patched-solaris-x86 0.1.0 96.70 NOTE
r-release-linux-x86_64 0.1.0 5.54 43.28 48.82 OK
r-release-windows-ix86+x86_64 0.1.0 12.00 100.00 112.00 OK
r-release-osx-x86_64 0.1.0 NOTE
r-oldrel-windows-ix86+x86_64 0.1.0 9.00 62.00 71.00 OK
r-oldrel-osx-x86_64 0.1.0 NOTE

Check Details

Version: 0.1.0
Check: dependencies in R code
Result: NOTE
    Namespaces in Imports field not imported from:
     ‘methods’ ‘readr’
     All declared Imports should be used.
Flavors: r-devel-linux-x86_64-fedora-clang, r-devel-linux-x86_64-fedora-gcc, r-patched-solaris-x86, r-release-osx-x86_64, r-oldrel-osx-x86_64