CRAN Package Check Results for Package Rinstapkg

Last updated on 2019-10-13 12:46:23 CEST.

Flavor Version Tinstall Tcheck Ttotal Status Flags
r-devel-linux-x86_64-debian-clang 0.1.0 5.62 44.80 50.42 OK
r-devel-linux-x86_64-debian-gcc 0.1.0 4.42 34.96 39.38 OK
r-devel-linux-x86_64-fedora-clang 0.1.0 64.65 NOTE
r-devel-linux-x86_64-fedora-gcc 0.1.0 60.57 NOTE
r-devel-windows-ix86+x86_64 0.1.0 14.00 67.00 81.00 OK
r-patched-linux-x86_64 0.1.0 4.67 43.08 47.75 OK
r-patched-solaris-x86 0.1.0 88.50 NOTE
r-release-linux-x86_64 0.1.0 5.10 43.41 48.51 OK
r-release-windows-ix86+x86_64 0.1.0 18.00 91.00 109.00 OK
r-release-osx-x86_64 0.1.0 NOTE
r-oldrel-windows-ix86+x86_64 0.1.0 8.00 61.00 69.00 OK
r-oldrel-osx-x86_64 0.1.0 NOTE

Check Details

Version: 0.1.0
Check: dependencies in R code
Result: NOTE
    Namespaces in Imports field not imported from:
     ‘methods’ ‘readr’
     All declared Imports should be used.
Flavors: r-devel-linux-x86_64-fedora-clang, r-devel-linux-x86_64-fedora-gcc, r-patched-solaris-x86, r-release-osx-x86_64, r-oldrel-osx-x86_64