CRAN Package Check Results for Package Rita

Last updated on 2025-01-19 05:49:19 CET.

Flavor Version Tinstall Tcheck Ttotal Status Flags
r-devel-linux-x86_64-debian-clang 1.2.0 2.97 28.56 31.53 OK
r-devel-linux-x86_64-debian-gcc 1.2.0 2.04 20.50 22.54 OK
r-devel-linux-x86_64-fedora-clang 1.2.0 52.48 NOTE
r-devel-linux-x86_64-fedora-gcc 1.2.0 51.72 NOTE
r-devel-windows-x86_64 1.2.0 5.00 50.00 55.00 OK
r-patched-linux-x86_64 1.2.0 2.70 26.76 29.46 OK
r-release-linux-x86_64 1.2.0 2.64 26.92 29.56 OK
r-release-macos-arm64 1.2.0 17.00 OK
r-release-macos-x86_64 1.2.0 28.00 OK
r-release-windows-x86_64 1.2.0 4.00 55.00 59.00 OK
r-oldrel-macos-arm64 1.2.0 19.00 OK
r-oldrel-macos-x86_64 1.2.0 26.00 OK
r-oldrel-windows-x86_64 1.2.0 4.00 52.00 56.00 OK

Check Details

Version: 1.2.0
Check: dependencies in R code
Result: NOTE Namespace in Imports field not imported from: ‘base’ All declared Imports should be used. Flavors: r-devel-linux-x86_64-fedora-clang, r-devel-linux-x86_64-fedora-gcc