Last updated on 2025-01-19 05:49:19 CET.
Flavor | Version | Tinstall | Tcheck | Ttotal | Status | Flags |
---|---|---|---|---|---|---|
r-devel-linux-x86_64-debian-clang | 0.2-2 | 1351.21 | 188.44 | 1539.65 | OK | |
r-devel-linux-x86_64-debian-gcc | 0.2-2 | 1201.31 | 219.28 | 1420.59 | OK | |
r-devel-linux-x86_64-fedora-clang | 0.2-2 | 2372.29 | OK | |||
r-devel-linux-x86_64-fedora-gcc | 0.2-2 | 3627.00 | OK | |||
r-devel-windows-x86_64 | 0.2-2 | 1147.00 | 309.00 | 1456.00 | OK | |
r-patched-linux-x86_64 | 0.2-2 | 1363.37 | 299.70 | 1663.07 | NOTE | |
r-release-linux-x86_64 | 0.2-2 | 1533.56 | 300.32 | 1833.88 | NOTE | |
r-release-macos-arm64 | 0.2-2 | 820.00 | NOTE | |||
r-release-macos-x86_64 | 0.2-2 | 563.00 | NOTE | |||
r-release-windows-x86_64 | 0.2-2 | 1166.00 | 303.00 | 1469.00 | NOTE | |
r-oldrel-macos-arm64 | 0.2-2 | 926.00 | NOTE | |||
r-oldrel-macos-x86_64 | 0.2-2 | 515.00 | NOTE | |||
r-oldrel-windows-x86_64 | 0.2-2 | 1534.00 | 378.00 | 1912.00 | NOTE |
Version: 0.2-2
Check: for GNU extensions in Makefiles
Result: NOTE
GNU make is a SystemRequirements.
Flavors: r-patched-linux-x86_64, r-release-linux-x86_64, r-release-macos-arm64, r-release-macos-x86_64, r-release-windows-x86_64, r-oldrel-macos-arm64, r-oldrel-macos-x86_64, r-oldrel-windows-x86_64
Version: 0.2-2
Check: installed package size
Result: NOTE
installed size is 160.6Mb
sub-directories of 1Mb or more:
libs 159.6Mb
Flavors: r-release-macos-arm64, r-release-macos-x86_64, r-release-windows-x86_64, r-oldrel-macos-arm64, r-oldrel-macos-x86_64, r-oldrel-windows-x86_64