CRAN Package Check Results for Package Rlinkedin

Last updated on 2025-01-19 05:49:19 CET.

Flavor Version Tinstall Tcheck Ttotal Status Flags
r-devel-linux-x86_64-debian-clang 0.2 3.29 33.17 36.46 OK
r-devel-linux-x86_64-debian-gcc 0.2 2.80 25.38 28.18 OK
r-devel-linux-x86_64-fedora-clang 0.2 60.06 OK
r-devel-linux-x86_64-fedora-gcc 0.2 60.29 OK
r-devel-windows-x86_64 0.2 6.00 60.00 66.00 OK
r-patched-linux-x86_64 0.2 3.70 31.23 34.93 NOTE
r-release-linux-x86_64 0.2 2.97 31.08 34.05 NOTE
r-release-macos-arm64 0.2 24.00 NOTE
r-release-macos-x86_64 0.2 33.00 NOTE
r-release-windows-x86_64 0.2 6.00 60.00 66.00 NOTE
r-oldrel-macos-arm64 0.2 26.00 NOTE
r-oldrel-macos-x86_64 0.2 36.00 NOTE
r-oldrel-windows-x86_64 0.2 6.00 61.00 67.00 NOTE

Check Details

Version: 0.2
Check: LazyData
Result: NOTE 'LazyData' is specified without a 'data' directory Flavors: r-patched-linux-x86_64, r-release-linux-x86_64, r-release-macos-arm64, r-release-macos-x86_64, r-release-windows-x86_64, r-oldrel-macos-arm64, r-oldrel-macos-x86_64, r-oldrel-windows-x86_64