Last updated on 2024-04-21 12:54:10 CEST.
Flavor | Version | Tinstall | Tcheck | Ttotal | Status | Flags |
---|---|---|---|---|---|---|
r-devel-linux-x86_64-debian-clang | 0.3.2 | 314.68 | 82.55 | 397.23 | NOTE | |
r-devel-linux-x86_64-debian-gcc | 0.3.2 | 248.79 | 62.62 | 311.41 | NOTE | |
r-devel-linux-x86_64-fedora-clang | 0.3.2 | 544.60 | NOTE | |||
r-devel-linux-x86_64-fedora-gcc | 0.3.2 | 589.46 | NOTE | |||
r-prerel-macos-arm64 | 0.3.2 | 112.00 | NOTE | |||
r-prerel-windows-x86_64 | 0.3.2 | 222.00 | 102.00 | 324.00 | NOTE | |
r-patched-linux-x86_64 | 0.3.2 | 319.58 | 79.86 | 399.44 | NOTE | |
r-release-linux-x86_64 | 0.3.2 | 301.94 | 83.83 | 385.77 | NOTE | |
r-release-macos-arm64 | 0.3.2 | 134.00 | NOTE | |||
r-release-macos-x86_64 | 0.3.2 | 244.00 | NOTE | |||
r-release-windows-x86_64 | 0.3.2 | 286.00 | 127.00 | 413.00 | NOTE | |
r-oldrel-macos-arm64 | 0.3.2 | 119.00 | NOTE | |||
r-oldrel-windows-x86_64 | 0.3.2 | 266.00 | 117.00 | 383.00 | OK |
Version: 0.3.2
Check: C++ specification
Result: NOTE
Specified C++11: please drop specification unless essential
Flavors: r-devel-linux-x86_64-debian-clang, r-devel-linux-x86_64-debian-gcc, r-devel-linux-x86_64-fedora-clang, r-devel-linux-x86_64-fedora-gcc, r-prerel-macos-arm64, r-prerel-windows-x86_64, r-patched-linux-x86_64, r-release-linux-x86_64, r-release-macos-arm64, r-release-macos-x86_64, r-release-windows-x86_64
Version: 0.3.2
Check: Rd files
Result: NOTE
checkRd: (-1) basic_GS.Rd:42: Lost braces; missing escapes or markup?
42 | \eqn{L} and {U} are strictly lower/upper triangular matrix respectively.
| ^
checkRd: (-1) basic_SOR.Rd:45: Lost braces; missing escapes or markup?
45 | \eqn{L} and {U} are strictly lower/upper triangular matrix respectively.
| ^
checkRd: (-1) basic_SSOR.Rd:45: Lost braces; missing escapes or markup?
45 | \eqn{L} and {U} are strictly lower/upper triangular matrix respectively.
| ^
Flavors: r-devel-linux-x86_64-debian-clang, r-devel-linux-x86_64-debian-gcc, r-devel-linux-x86_64-fedora-clang, r-devel-linux-x86_64-fedora-gcc, r-prerel-macos-arm64, r-prerel-windows-x86_64, r-patched-linux-x86_64
Version: 0.3.2
Check: installed package size
Result: NOTE
installed size is 12.5Mb
sub-directories of 1Mb or more:
libs 12.3Mb
Flavors: r-prerel-macos-arm64, r-release-macos-arm64, r-release-macos-x86_64, r-oldrel-macos-arm64